CRAN Package Check Results for Package VARSEDIG

Last updated on 2019-10-31 00:51:10 CET.

Flavor Version Tinstall Tcheck Ttotal Status Flags
r-devel-linux-x86_64-debian-clang 1.9 4.66 36.95 41.61 NOTE
r-devel-linux-x86_64-debian-gcc 1.9 4.02 28.74 32.76 NOTE
r-devel-linux-x86_64-fedora-clang 1.9 56.73 NOTE
r-devel-linux-x86_64-fedora-gcc 1.9 50.16 NOTE
r-devel-windows-ix86+x86_64 1.9 11.00 70.00 81.00 OK
r-patched-linux-x86_64 1.9 4.29 36.15 40.44 OK
r-patched-solaris-x86 1.9 69.40 OK
r-release-linux-x86_64 1.9 4.36 36.49 40.85 OK
r-release-windows-ix86+x86_64 1.9 10.00 49.00 59.00 OK
r-release-osx-x86_64 1.9 OK
r-oldrel-windows-ix86+x86_64 1.9 5.00 63.00 68.00 OK
r-oldrel-osx-x86_64 1.9 OK

Check Details

Version: 1.9
Check: for non-standard things in the check directory
Result: NOTE
    Found the following files/directories:
     'Output.txt' 'Overlap.csv' 'Polar coordinates.csv'
Flavors: r-devel-linux-x86_64-debian-clang, r-devel-linux-x86_64-debian-gcc, r-devel-linux-x86_64-fedora-clang, r-devel-linux-x86_64-fedora-gcc