CRAN Package Check Results for Package VBLPCM

Last updated on 2019-10-31 00:51:10 CET.

Flavor Version Tinstall Tcheck Ttotal Status Flags
r-devel-linux-x86_64-debian-clang 2.4.5 15.13 87.35 102.48 OK
r-devel-linux-x86_64-debian-gcc 2.4.5 10.88 66.27 77.15 OK
r-devel-linux-x86_64-fedora-clang 2.4.5 120.13 NOTE
r-devel-linux-x86_64-fedora-gcc 2.4.5 117.49 NOTE
r-devel-windows-ix86+x86_64 2.4.5 59.00 194.00 253.00 OK
r-patched-linux-x86_64 2.4.5 11.56 81.58 93.14 OK
r-patched-solaris-x86 2.4.5 165.80 OK
r-release-linux-x86_64 2.4.5 12.75 82.03 94.78 OK
r-release-windows-ix86+x86_64 2.4.5 49.00 142.00 191.00 OK
r-release-osx-x86_64 2.4.5 OK
r-oldrel-windows-ix86+x86_64 2.4.5 22.00 197.00 219.00 OK
r-oldrel-osx-x86_64 2.4.5 OK

Additional issues

LTO

Check Details

Version: 2.4.5
Check: compiled code
Result: NOTE
    File ‘VBLPCM/libs/VBLPCM.so’:
     Found no calls to: ‘R_registerRoutines’, ‘R_useDynamicSymbols’
    
    It is good practice to register native routines and to disable symbol
    search.
    
    See ‘Writing portable packages’ in the ‘Writing R Extensions’ manual.
Flavors: r-devel-linux-x86_64-fedora-clang, r-devel-linux-x86_64-fedora-gcc