Last updated on 2019-10-31 00:51:11 CET.
Flavor | Version | Tinstall | Tcheck | Ttotal | Status | Flags |
---|---|---|---|---|---|---|
r-devel-linux-x86_64-debian-clang | 0.1.2 | 232.78 | 34.50 | 267.28 | WARN | |
r-devel-linux-x86_64-debian-gcc | 0.1.2 | 144.97 | 26.15 | 171.12 | WARN | |
r-devel-linux-x86_64-fedora-clang | 0.1.2 | 361.50 | OK | |||
r-devel-linux-x86_64-fedora-gcc | 0.1.2 | 327.31 | WARN | |||
r-devel-windows-ix86+x86_64 | 0.1.2 | 547.00 | 103.00 | 650.00 | OK | |
r-patched-linux-x86_64 | 0.1.2 | 165.27 | 33.20 | 198.47 | OK | |
r-patched-solaris-x86 | 0.1.2 | 273.00 | OK | |||
r-release-linux-x86_64 | 0.1.2 | 166.16 | 33.19 | 199.35 | OK | |
r-release-windows-ix86+x86_64 | 0.1.2 | 528.00 | 76.00 | 604.00 | OK | |
r-release-osx-x86_64 | 0.1.2 | OK | ||||
r-oldrel-windows-ix86+x86_64 | 0.1.2 | 423.00 | 100.00 | 523.00 | OK | |
r-oldrel-osx-x86_64 | 0.1.2 | OK |
Version: 0.1.2
Check: whether package can be installed
Result: WARN
Found the following significant warnings:
vic/drivers/shared_all/src/compress_files.c:49:5: warning: ignoring return value of function declared with 'warn_unused_result' attribute [-Wunused-result]
vic/drivers/shared_all/src/forcing_utils.c:140:5: warning: ignoring return value of function declared with 'warn_unused_result' attribute [-Wunused-result]
vic/drivers/shared_all/src/forcing_utils.c:161:9: warning: ignoring return value of function declared with 'warn_unused_result' attribute [-Wunused-result]
vic/drivers/shared_all/src/get_parameters.c:43:5: warning: ignoring return value of function declared with 'warn_unused_result' attribute [-Wunused-result]
vic/drivers/shared_all/src/get_parameters.c:51:17: warning: ignoring return value of function declared with 'warn_unused_result' attribute [-Wunused-result]
vic/drivers/shared_all/src/get_parameters.c:540:9: warning: ignoring return value of function declared with 'warn_unused_result' attribute [-Wunused-result]
vic/drivers/shared_all/src/input_tools.c:77:5: warning: ignoring return value of function declared with 'warn_unused_result' attribute [-Wunused-result]
vic/drivers/shared_all/src/input_tools.c:101:9: warning: ignoring return value of function declared with 'warn_unused_result' attribute [-Wunused-result]
vic/drivers/shared_all/src/open_file.c:89:17: warning: ignoring return value of function declared with 'warn_unused_result' attribute [-Wunused-result]
vic/drivers/shared_all/src/open_file.c:98:17: warning: ignoring return value of function declared with 'warn_unused_result' attribute [-Wunused-result]
Flavor: r-devel-linux-x86_64-debian-clang
Version: 0.1.2
Check: whether package can be installed
Result: WARN
Found the following significant warnings:
vic/drivers/shared_all/src/compress_files.c:49:5: warning: ignoring return value of ‘system’, declared with attribute warn_unused_result [-Wunused-result]
vic/drivers/shared_all/src/forcing_utils.c:140:5: warning: ignoring return value of ‘fgets’, declared with attribute warn_unused_result [-Wunused-result]
vic/drivers/shared_all/src/forcing_utils.c:161:9: warning: ignoring return value of ‘fgets’, declared with attribute warn_unused_result [-Wunused-result]
vic/drivers/shared_all/src/get_parameters.c:43:5: warning: ignoring return value of ‘fgets’, declared with attribute warn_unused_result [-Wunused-result]
vic/drivers/shared_all/src/get_parameters.c:51:17: warning: ignoring return value of ‘fgets’, declared with attribute warn_unused_result [-Wunused-result]
vic/drivers/shared_all/src/get_parameters.c:540:9: warning: ignoring return value of ‘fgets’, declared with attribute warn_unused_result [-Wunused-result]
vic/drivers/shared_all/src/input_tools.c:77:5: warning: ignoring return value of ‘fgets’, declared with attribute warn_unused_result [-Wunused-result]
vic/drivers/shared_all/src/input_tools.c:101:9: warning: ignoring return value of ‘fgets’, declared with attribute warn_unused_result [-Wunused-result]
vic/drivers/shared_all/src/open_file.c:89:17: warning: ignoring return value of ‘fgets’, declared with attribute warn_unused_result [-Wunused-result]
vic/drivers/shared_all/src/open_file.c:98:17: warning: ignoring return value of ‘fgets’, declared with attribute warn_unused_result [-Wunused-result]
Flavors: r-devel-linux-x86_64-debian-gcc, r-devel-linux-x86_64-fedora-gcc