CRAN Package Check Results for Package VTrack

Last updated on 2019-10-31 00:51:11 CET.

Flavor Version Tinstall Tcheck Ttotal Status Flags
r-devel-linux-x86_64-debian-clang 1.21 19.96 179.01 198.97 OK
r-devel-linux-x86_64-debian-gcc 1.21 17.85 136.72 154.57 OK
r-devel-linux-x86_64-fedora-clang 1.21 152.26 NOTE
r-devel-linux-x86_64-fedora-gcc 1.21 227.34 NOTE
r-devel-windows-ix86+x86_64 1.21 76.00 261.00 337.00 OK
r-patched-linux-x86_64 1.21 20.64 169.48 190.12 OK
r-patched-solaris-x86 1.21 368.00 NOTE
r-release-linux-x86_64 1.21 19.81 169.67 189.48 OK
r-release-windows-ix86+x86_64 1.21 68.00 175.00 243.00 OK
r-release-osx-x86_64 1.21 NOTE
r-oldrel-windows-ix86+x86_64 1.21 49.00 252.00 301.00 OK
r-oldrel-osx-x86_64 1.21 NOTE

Check Details

Version: 1.21
Check: dependencies in R code
Result: NOTE
    Namespaces in Imports field not imported from:
     ‘Hmisc’ ‘XML’ ‘checkmate’ ‘gstat’ ‘intervals’
     All declared Imports should be used.
Flavors: r-devel-linux-x86_64-fedora-clang, r-devel-linux-x86_64-fedora-gcc, r-patched-solaris-x86, r-release-osx-x86_64, r-oldrel-osx-x86_64