CRAN Package Check Results for Package VetResearchLMM

Last updated on 2019-10-31 00:51:10 CET.

Flavor Version Tinstall Tcheck Ttotal Status Flags
r-devel-linux-x86_64-debian-clang 1.0.0 8.62 75.99 84.61 OK
r-devel-linux-x86_64-debian-gcc 1.0.0 7.76 57.26 65.02 OK
r-devel-linux-x86_64-fedora-clang 1.0.0 101.24 NOTE
r-devel-linux-x86_64-fedora-gcc 1.0.0 100.31 NOTE
r-devel-windows-ix86+x86_64 1.0.0 32.00 130.00 162.00 OK
r-patched-linux-x86_64 1.0.0 7.36 70.23 77.59 OK
r-patched-solaris-x86 1.0.0 145.90 NOTE
r-release-linux-x86_64 1.0.0 7.84 70.21 78.05 OK
r-release-windows-ix86+x86_64 1.0.0 28.00 78.00 106.00 OK
r-release-osx-x86_64 1.0.0 NOTE
r-oldrel-windows-ix86+x86_64 1.0.0 11.00 126.00 137.00 OK
r-oldrel-osx-x86_64 1.0.0 NOTE

Check Details

Version: 1.0.0
Check: dependencies in R code
Result: NOTE
    Namespace in Imports field not imported from: ‘nlme’
     All declared Imports should be used.
Flavors: r-devel-linux-x86_64-fedora-clang, r-devel-linux-x86_64-fedora-gcc, r-patched-solaris-x86, r-release-osx-x86_64, r-oldrel-osx-x86_64