CRAN Package Check Results for Package acepack

Last updated on 2019-10-31 00:50:49 CET.

Flavor Version Tinstall Tcheck Ttotal Status Flags
r-devel-linux-x86_64-debian-clang 1.4.1 3.89 17.96 21.85 OK
r-devel-linux-x86_64-debian-gcc 1.4.1 2.84 14.69 17.53 OK
r-devel-linux-x86_64-fedora-clang 1.4.1 27.45 NOTE
r-devel-linux-x86_64-fedora-gcc 1.4.1 27.41 NOTE
r-devel-windows-ix86+x86_64 1.4.1 20.00 58.00 78.00 OK
r-patched-linux-x86_64 1.4.1 3.01 17.45 20.46 OK
r-patched-solaris-x86 1.4.1 43.90 OK
r-release-linux-x86_64 1.4.1 3.11 17.53 20.64 OK
r-release-windows-ix86+x86_64 1.4.1 21.00 37.00 58.00 OK
r-release-osx-x86_64 1.4.1 OK
r-oldrel-windows-ix86+x86_64 1.4.1 12.00 60.00 72.00 OK
r-oldrel-osx-x86_64 1.4.1 OK

Check Details

Version: 1.4.1
Check: compiled code
Result: NOTE
    File ‘acepack/libs/acepack.so’:
     Found no calls to: ‘R_registerRoutines’, ‘R_useDynamicSymbols’
    
    It is good practice to register native routines and to disable symbol
    search.
    
    See ‘Writing portable packages’ in the ‘Writing R Extensions’ manual.
Flavors: r-devel-linux-x86_64-fedora-clang, r-devel-linux-x86_64-fedora-gcc