CRAN Package Check Results for Package analogsea

Last updated on 2019-10-31 00:50:49 CET.

Flavor Version Tinstall Tcheck Ttotal Status Flags
r-devel-linux-x86_64-debian-clang 0.7.2 4.10 34.70 38.80 OK
r-devel-linux-x86_64-debian-gcc 0.7.2 3.74 27.71 31.45 OK
r-devel-linux-x86_64-fedora-clang 0.7.2 48.56 OK
r-devel-linux-x86_64-fedora-gcc 0.7.2 46.43 OK
r-devel-windows-ix86+x86_64 0.7.2 14.00 74.00 88.00 OK
r-patched-linux-x86_64 0.7.2 4.14 35.12 39.26 OK
r-patched-solaris-x86 0.7.2 71.00 NOTE
r-release-linux-x86_64 0.7.2 4.52 34.30 38.82 OK
r-release-windows-ix86+x86_64 0.7.2 13.00 53.00 66.00 OK
r-release-osx-x86_64 0.7.2 OK
r-oldrel-windows-ix86+x86_64 0.7.2 6.00 80.00 86.00 OK
r-oldrel-osx-x86_64 0.7.2 OK

Check Details

Version: 0.7.2
Check: package dependencies
Result: NOTE
    Package suggested but not available for checking: ‘ssh’
Flavor: r-patched-solaris-x86