Last updated on 2019-10-31 00:50:49 CET.
Flavor | Version | Tinstall | Tcheck | Ttotal | Status | Flags |
---|---|---|---|---|---|---|
r-devel-linux-x86_64-debian-clang | 0.0.9 | 55.42 | 128.64 | 184.06 | NOTE | |
r-devel-linux-x86_64-debian-gcc | 0.0.9 | 41.54 | 99.19 | 140.73 | NOTE | |
r-devel-linux-x86_64-fedora-clang | 0.0.9 | 229.09 | OK | |||
r-devel-linux-x86_64-fedora-gcc | 0.0.9 | 226.47 | OK | |||
r-devel-windows-ix86+x86_64 | 0.0.9 | 133.00 | 218.00 | 351.00 | OK | |
r-patched-linux-x86_64 | 0.0.9 | 49.48 | 124.36 | 173.84 | NOTE | |
r-patched-solaris-x86 | 0.0.9 | 284.50 | OK | |||
r-release-linux-x86_64 | 0.0.9 | 48.62 | 123.51 | 172.13 | NOTE | |
r-release-windows-ix86+x86_64 | 0.0.9 | 125.00 | 203.00 | 328.00 | OK | |
r-release-osx-x86_64 | 0.0.8 | OK | ||||
r-oldrel-windows-ix86+x86_64 | 0.0.9 | 89.00 | 224.00 | 313.00 | OK | |
r-oldrel-osx-x86_64 | 0.0.8 | OK |
Version: 0.0.9
Check: R code for possible problems
Result: NOTE
Found the following calls to attach():
File 'apollo/R/apollo_attach.R':
attach(as.list(apollo_beta))
attach(database)
attach(draws)
attach(randcoeff)
attach(lcpars)
See section 'Good practice' in '?attach'.
Flavors: r-devel-linux-x86_64-debian-clang, r-devel-linux-x86_64-debian-gcc, r-patched-linux-x86_64, r-release-linux-x86_64