Last updated on 2019-10-31 00:50:49 CET.
Flavor | Version | Tinstall | Tcheck | Ttotal | Status | Flags |
---|---|---|---|---|---|---|
r-devel-linux-x86_64-debian-clang | 3.2.0 | 27.33 | 153.70 | 181.03 | NOTE | |
r-devel-linux-x86_64-debian-gcc | 3.2.0 | 21.49 | 116.80 | 138.29 | NOTE | |
r-devel-linux-x86_64-fedora-clang | 3.2.0 | 224.05 | NOTE | |||
r-devel-linux-x86_64-fedora-gcc | 3.2.0 | 221.76 | NOTE | |||
r-devel-windows-ix86+x86_64 | 3.2.0 | 68.00 | 208.00 | 276.00 | NOTE | |
r-patched-linux-x86_64 | 3.2.0 | 28.32 | 148.77 | 177.09 | NOTE | |
r-patched-solaris-x86 | 3.2.0 | 262.10 | NOTE | |||
r-release-linux-x86_64 | 3.2.0 | 27.48 | 149.56 | 177.04 | NOTE | |
r-release-windows-ix86+x86_64 | 3.2.0 | 58.00 | 210.00 | 268.00 | NOTE | |
r-release-osx-x86_64 | 3.2.0 | NOTE | ||||
r-oldrel-windows-ix86+x86_64 | 3.2.0 | 32.00 | 233.00 | 265.00 | NOTE | |
r-oldrel-osx-x86_64 | 3.2.0 | NOTE |
Version: 3.2.0
Check: package dependencies
Result: NOTE
Packages suggested but not available for checking:
'sfit', 'expectile', 'HaarSeg', 'mpcbs'
Flavors: r-devel-linux-x86_64-debian-clang, r-devel-linux-x86_64-debian-gcc, r-devel-linux-x86_64-fedora-clang, r-devel-linux-x86_64-fedora-gcc, r-devel-windows-ix86+x86_64, r-patched-linux-x86_64, r-patched-solaris-x86, r-release-linux-x86_64, r-release-windows-ix86+x86_64
Version: 3.2.0
Check: package dependencies
Result: NOTE
Packages suggested but not available for checking:
'GLAD', 'sfit', 'expectile', 'HaarSeg', 'mpcbs'
Flavor: r-release-osx-x86_64
Version: 3.2.0
Check: Rd cross-references
Result: NOTE
Package unavailable to check Rd xrefs: ‘GLAD’
Flavors: r-release-osx-x86_64, r-oldrel-osx-x86_64
Version: 3.2.0
Check: package dependencies
Result: NOTE
Packages suggested but not available for checking:
'sfit' 'expectile' 'HaarSeg' 'mpcbs'
Flavor: r-oldrel-windows-ix86+x86_64
Version: 3.2.0
Check: package dependencies
Result: NOTE
Packages suggested but not available for checking:
‘GLAD’ ‘sfit’ ‘expectile’ ‘HaarSeg’ ‘mpcbs’
Flavor: r-oldrel-osx-x86_64