Last updated on 2019-10-31 00:50:49 CET.
Flavor | Version | Tinstall | Tcheck | Ttotal | Status | Flags |
---|---|---|---|---|---|---|
r-devel-linux-x86_64-debian-clang | 1.3-3 | 14.15 | 129.01 | 143.16 | OK | |
r-devel-linux-x86_64-debian-gcc | 1.3-3 | 11.31 | 95.62 | 106.93 | OK | |
r-devel-linux-x86_64-fedora-clang | 1.3-3 | 168.52 | OK | |||
r-devel-linux-x86_64-fedora-gcc | 1.3-3 | 165.27 | OK | |||
r-devel-windows-ix86+x86_64 | 1.3-3 | 41.00 | 194.00 | 235.00 | OK | |
r-patched-linux-x86_64 | 1.3-3 | 14.43 | 121.19 | 135.62 | OK | |
r-patched-solaris-x86 | 1.3-3 | 229.20 | OK | |||
r-release-linux-x86_64 | 1.3-3 | 12.15 | 120.71 | 132.86 | OK | |
r-release-windows-ix86+x86_64 | 1.3-3 | 35.00 | 139.00 | 174.00 | OK | |
r-release-osx-x86_64 | 1.3-3 | NOTE | ||||
r-oldrel-windows-ix86+x86_64 | 1.3-3 | 24.00 | 189.00 | 213.00 | OK | |
r-oldrel-osx-x86_64 | 1.3-3 | OK |
Version: 1.3-3
Check: package dependencies
Result: NOTE
Packages suggested but not available for checking: 'graph', 'Rgraphviz'
Flavor: r-release-osx-x86_64