Last updated on 2019-10-31 00:50:49 CET.
Flavor | Version | Tinstall | Tcheck | Ttotal | Status | Flags |
---|---|---|---|---|---|---|
r-devel-linux-x86_64-debian-clang | 0.1.1 | 10.49 | 124.95 | 135.44 | OK | |
r-devel-linux-x86_64-debian-gcc | 0.1.1 | 8.47 | 96.46 | 104.93 | OK | |
r-devel-linux-x86_64-fedora-clang | 0.1.1 | 160.69 | OK | |||
r-devel-linux-x86_64-fedora-gcc | 0.1.1 | 160.45 | OK | |||
r-devel-windows-ix86+x86_64 | 0.1.1 | 41.00 | 184.00 | 225.00 | OK | |
r-patched-linux-x86_64 | 0.1.1 | 11.40 | 119.69 | 131.09 | OK | |
r-patched-solaris-x86 | 0.1.1 | 196.40 | WARN | |||
r-release-linux-x86_64 | 0.1.1 | 10.55 | 118.91 | 129.46 | OK | |
r-release-windows-ix86+x86_64 | 0.1.1 | 31.00 | 186.00 | 217.00 | OK | |
r-release-osx-x86_64 | 0.1.1 | WARN | ||||
r-oldrel-windows-ix86+x86_64 | 0.1.1 | 13.00 | 175.00 | 188.00 | OK | |
r-oldrel-osx-x86_64 | 0.1.1 | WARN |
Version: 0.1.1
Check: re-building of vignette outputs
Result: WARN
Error(s) in re-building vignettes:
...
--- re-building ‘Data_Analysis_with_augmentedRCBD.Rmd’ using rmarkdown_notangle
Warning in engine$weave(file, quiet = quiet, encoding = enc) :
Pandoc (>= 1.12.3) and/or pandoc-citeproc not available. Falling back to R Markdown v1.
Quitting from lines 57-76 (Data_Analysis_with_augmentedRCBD.Rmd)
Error: processing vignette 'Data_Analysis_with_augmentedRCBD.Rmd' failed with diagnostics:
EXPR must be a length 1 vector
--- failed re-building ‘Data_Analysis_with_augmentedRCBD.Rmd’
SUMMARY: processing the following file failed:
‘Data_Analysis_with_augmentedRCBD.Rmd’
Error: Vignette re-building failed.
Execution halted
Flavors: r-patched-solaris-x86, r-release-osx-x86_64
Version: 0.1.1
Check: re-building of vignette outputs
Result: WARN
Error in re-building vignettes:
...
Warning in engine$weave(file, quiet = quiet, encoding = enc) :
Pandoc (>= 1.12.3) and/or pandoc-citeproc not available. Falling back to R Markdown v1.
Quitting from lines 57-76 (Data_Analysis_with_augmentedRCBD.Rmd)
Error: processing vignette 'Data_Analysis_with_augmentedRCBD.Rmd' failed with diagnostics:
EXPR must be a length 1 vector
Execution halted
Flavor: r-oldrel-osx-x86_64