Last updated on 2019-10-31 00:50:49 CET.
Flavor | Version | Tinstall | Tcheck | Ttotal | Status | Flags |
---|---|---|---|---|---|---|
r-devel-linux-x86_64-debian-clang | 0.3 | 4.20 | 51.28 | 55.48 | WARN | |
r-devel-linux-x86_64-debian-gcc | 0.3 | 2.70 | 37.46 | 40.16 | WARN | |
r-devel-linux-x86_64-fedora-clang | 0.3 | 65.06 | WARN | |||
r-devel-linux-x86_64-fedora-gcc | 0.3 | 64.84 | WARN | |||
r-devel-windows-ix86+x86_64 | 0.3 | 74.00 | 195.00 | 269.00 | NOTE | |
r-patched-linux-x86_64 | 0.3 | 3.28 | 50.23 | 53.51 | OK | |
r-release-linux-x86_64 | 0.3 | 3.25 | 49.55 | 52.80 | OK | |
r-release-windows-ix86+x86_64 | 0.3 | 65.00 | 157.00 | 222.00 | NOTE | |
r-release-osx-x86_64 | 0.3 | NOTE | ||||
r-oldrel-windows-ix86+x86_64 | 0.3 | 49.00 | 191.00 | 240.00 | NOTE | |
r-oldrel-osx-x86_64 | 0.3 | NOTE |
Version: 0.3
Check: whether package can be installed
Result: WARN
Found the following significant warnings:
'config' variable 'CXXCPP' is deprecated
Flavors: r-devel-linux-x86_64-debian-clang, r-devel-linux-x86_64-debian-gcc, r-devel-linux-x86_64-fedora-clang, r-devel-linux-x86_64-fedora-gcc
Version: 0.3
Check: top-level files
Result: NOTE
‘configure’: /bin/bash is not portable
Flavors: r-devel-linux-x86_64-fedora-clang, r-devel-linux-x86_64-fedora-gcc
Version: 0.3
Check: installed package size
Result: NOTE
installed size is 46.8Mb
sub-directories of 1Mb or more:
libs 46.1Mb
Flavors: r-devel-windows-ix86+x86_64, r-release-windows-ix86+x86_64, r-release-osx-x86_64, r-oldrel-windows-ix86+x86_64, r-oldrel-osx-x86_64