Last updated on 2019-10-31 00:50:50 CET.
Flavor | Version | Tinstall | Tcheck | Ttotal | Status | Flags |
---|---|---|---|---|---|---|
r-devel-linux-x86_64-debian-clang | 2.4 | 663.38 | 184.66 | 848.04 | NOTE | |
r-devel-linux-x86_64-debian-gcc | 2.4 | 648.63 | 166.04 | 814.67 | NOTE | |
r-devel-linux-x86_64-fedora-clang | 2.4 | 1157.65 | NOTE | |||
r-devel-linux-x86_64-fedora-gcc | 2.4 | 1411.47 | NOTE | |||
r-devel-windows-ix86+x86_64 | 2.4 | 1480.00 | 389.00 | 1869.00 | NOTE | |
r-patched-linux-x86_64 | 2.4 | 663.39 | 205.95 | 869.34 | NOTE | |
r-patched-solaris-x86 | 2.4 | 1123.70 | NOTE | |||
r-release-linux-x86_64 | 2.4 | 660.71 | 203.87 | 864.58 | NOTE | |
r-release-windows-ix86+x86_64 | 2.4 | 1480.00 | 283.00 | 1763.00 | NOTE | |
r-release-osx-x86_64 | 2.4 | FAIL | ||||
r-oldrel-windows-ix86+x86_64 | 2.4 | 1269.00 | 426.00 | 1695.00 | NOTE | |
r-oldrel-osx-x86_64 | 2.4 | NOTE |
Version: 2.4
Check: for GNU extensions in Makefiles
Result: NOTE
GNU make is a SystemRequirements.
Flavors: r-devel-linux-x86_64-debian-clang, r-devel-linux-x86_64-debian-gcc, r-devel-linux-x86_64-fedora-clang, r-devel-linux-x86_64-fedora-gcc, r-devel-windows-ix86+x86_64, r-patched-linux-x86_64, r-patched-solaris-x86, r-release-linux-x86_64, r-release-windows-ix86+x86_64, r-release-osx-x86_64, r-oldrel-windows-ix86+x86_64, r-oldrel-osx-x86_64
Version: 2.4
Check: installed package size
Result: NOTE
installed size is 98.7Mb
sub-directories of 1Mb or more:
libs 97.2Mb
Flavors: r-devel-linux-x86_64-fedora-clang, r-devel-windows-ix86+x86_64, r-patched-solaris-x86, r-release-windows-ix86+x86_64, r-release-osx-x86_64, r-oldrel-windows-ix86+x86_64, r-oldrel-osx-x86_64
Version: 2.4
Check: dependencies in R code
Result: NOTE
Namespace in Imports field not imported from: ‘rstantools’
All declared Imports should be used.
Flavors: r-devel-linux-x86_64-fedora-clang, r-devel-linux-x86_64-fedora-gcc, r-patched-solaris-x86, r-release-osx-x86_64, r-oldrel-osx-x86_64
Version: 2.4
Check: re-building of vignette outputs
Result: WARN
Error(s) in re-building vignettes:
...
--- re-building ‘beanz_vignettes.Rmd’ using rmarkdown
Warning in engine$weave(file, quiet = quiet, encoding = enc) :
Pandoc (>= 1.12.3) and/or pandoc-citeproc not available. Falling back to R Markdown v1.
Execution halted
Flavor: r-release-osx-x86_64
Version: 2.4
Check: PDF version of manual
Result: FAIL
Flavor: r-release-osx-x86_64