CRAN Package Check Results for Package biclust

Last updated on 2019-10-31 00:50:50 CET.

Flavor Version Tinstall Tcheck Ttotal Status Flags
r-devel-linux-x86_64-debian-clang 2.0.1 14.14 103.32 117.46 NOTE
r-devel-linux-x86_64-debian-gcc 2.0.1 11.03 76.87 87.90 NOTE
r-devel-linux-x86_64-fedora-clang 2.0.1 136.37 NOTE
r-devel-linux-x86_64-fedora-gcc 2.0.1 136.53 NOTE
r-devel-windows-ix86+x86_64 2.0.1 37.00 213.00 250.00 OK
r-patched-linux-x86_64 2.0.1 11.47 98.61 110.08 OK
r-patched-solaris-x86 2.0.1 175.70 OK
r-release-linux-x86_64 2.0.1 12.51 99.24 111.75 OK
r-release-windows-ix86+x86_64 2.0.1 37.00 156.00 193.00 OK
r-release-osx-x86_64 2.0.1 OK
r-oldrel-windows-ix86+x86_64 2.0.1 19.00 230.00 249.00 OK
r-oldrel-osx-x86_64 2.0.1 OK

Check Details

Version: 2.0.1
Check: for non-standard things in the check directory
Result: NOTE
    Found the following files/directories:
     'results.txt'
Flavors: r-devel-linux-x86_64-debian-clang, r-devel-linux-x86_64-debian-gcc, r-devel-linux-x86_64-fedora-clang, r-devel-linux-x86_64-fedora-gcc