Last updated on 2019-10-31 00:50:50 CET.
Flavor | Version | Tinstall | Tcheck | Ttotal | Status | Flags |
---|---|---|---|---|---|---|
r-devel-linux-x86_64-debian-clang | 2.13 | 28.47 | 212.93 | 241.40 | OK | |
r-devel-linux-x86_64-debian-gcc | 2.13 | 21.33 | 153.57 | 174.90 | OK | |
r-devel-linux-x86_64-fedora-clang | 2.13 | 280.64 | OK | |||
r-devel-linux-x86_64-fedora-gcc | 2.13 | 273.41 | OK | |||
r-devel-windows-ix86+x86_64 | 2.13 | 75.00 | 349.00 | 424.00 | NOTE | |
r-patched-linux-x86_64 | 2.13 | 21.17 | 196.95 | 218.12 | OK | |
r-patched-solaris-x86 | 2.13 | 333.10 | OK | |||
r-release-linux-x86_64 | 2.13 | 21.86 | 198.30 | 220.16 | OK | |
r-release-windows-ix86+x86_64 | 2.13 | 68.00 | 267.00 | 335.00 | NOTE | |
r-release-osx-x86_64 | 2.13 | OK | ||||
r-oldrel-windows-ix86+x86_64 | 2.13 | 34.00 | 332.00 | 366.00 | NOTE | |
r-oldrel-osx-x86_64 | 2.13 | OK |
Version: 2.13
Check: installed package size
Result: NOTE
installed size is 5.3Mb
sub-directories of 1Mb or more:
doc 2.9Mb
libs 1.5Mb
Flavors: r-devel-windows-ix86+x86_64, r-release-windows-ix86+x86_64, r-oldrel-windows-ix86+x86_64