CRAN Package Check Results for Package birtr

Last updated on 2019-10-31 00:50:50 CET.

Flavor Version Tinstall Tcheck Ttotal Status Flags
r-devel-linux-x86_64-debian-clang 1.0.0 2.05 19.03 21.08 OK
r-devel-linux-x86_64-debian-gcc 1.0.0 1.80 15.50 17.30 OK
r-devel-linux-x86_64-fedora-clang 1.0.0 26.41 OK
r-devel-linux-x86_64-fedora-gcc 1.0.0 25.98 OK
r-devel-windows-ix86+x86_64 1.0.0 7.00 42.00 49.00 OK
r-patched-linux-x86_64 1.0.0 1.89 18.68 20.57 NOTE
r-patched-solaris-x86 1.0.0 39.70 OK
r-release-linux-x86_64 1.0.0 1.80 18.66 20.46 NOTE
r-release-windows-ix86+x86_64 1.0.0 6.00 34.00 40.00 OK
r-release-osx-x86_64 1.0.0 OK
r-oldrel-windows-ix86+x86_64 1.0.0 2.00 53.00 55.00 OK
r-oldrel-osx-x86_64 1.0.0 OK

Check Details

Version: 1.0.0
Check: DESCRIPTION meta-information
Result: NOTE
    Dependence on R version ‘3.4.1’ not with patchlevel 0
Flavors: r-patched-linux-x86_64, r-release-linux-x86_64