CRAN Package Check Results for Package bmem

Last updated on 2019-10-31 00:50:50 CET.

Flavor Version Tinstall Tcheck Ttotal Status Flags
r-devel-linux-x86_64-debian-clang 1.5 10.25 80.88 91.13 NOTE
r-devel-linux-x86_64-debian-gcc 1.5 9.88 62.38 72.26 NOTE
r-devel-linux-x86_64-fedora-clang 1.5 109.10 NOTE
r-devel-linux-x86_64-fedora-gcc 1.5 115.62 NOTE
r-devel-windows-ix86+x86_64 1.5 30.00 110.00 140.00 NOTE
r-patched-linux-x86_64 1.5 11.33 77.49 88.82 NOTE
r-patched-solaris-x86 1.5 160.70 NOTE
r-release-linux-x86_64 1.5 12.54 76.28 88.82 NOTE
r-release-windows-ix86+x86_64 1.5 33.00 84.00 117.00 NOTE
r-release-osx-x86_64 1.5 NOTE
r-oldrel-windows-ix86+x86_64 1.5 12.00 132.00 144.00 NOTE
r-oldrel-osx-x86_64 1.5 NOTE

Check Details

Version: 1.5
Check: dependencies in R code
Result: NOTE
    Packages in Depends field not imported from:
     'Amelia' 'MASS' 'lavaan' 'sem' 'snowfall'
     These packages need to be imported from (in the NAMESPACE file)
     for when this namespace is loaded but not attached.
Flavors: r-devel-linux-x86_64-debian-clang, r-devel-linux-x86_64-debian-gcc, r-devel-linux-x86_64-fedora-clang, r-devel-linux-x86_64-fedora-gcc, r-devel-windows-ix86+x86_64, r-patched-linux-x86_64, r-patched-solaris-x86, r-release-linux-x86_64, r-release-windows-ix86+x86_64, r-release-osx-x86_64, r-oldrel-windows-ix86+x86_64, r-oldrel-osx-x86_64

Version: 1.5
Check: R code for possible problems
Result: NOTE
    bmem.bs: no visible global function definition for 'sem'
    bmem.ci.bc: no visible binding for global variable 'sd'
    bmem.ci.bc1: no visible global function definition for 'qnorm'
    bmem.ci.bc1: no visible global function definition for 'pnorm'
    bmem.ci.bc1: no visible global function definition for 'quantile'
    bmem.ci.bca: no visible binding for global variable 'sd'
    bmem.ci.bca1: no visible global function definition for 'qnorm'
    bmem.ci.bca1: no visible global function definition for 'pnorm'
    bmem.ci.bca1: no visible global function definition for 'quantile'
    bmem.ci.norm: no visible binding for global variable 'sd'
    bmem.ci.norm: no visible global function definition for 'qnorm'
    bmem.ci.p: no visible binding for global variable 'quantile'
    bmem.ci.p: no visible binding for global variable 'sd'
    bmem.cov: no visible global function definition for 'na.omit'
    bmem.em.cov: no visible global function definition for 'cov'
    bmem.em.rcov: no visible global function definition for 'na.omit'
    bmem.em.rcov: no visible global function definition for 'cov.rob'
    bmem.em.rcov: no visible global function definition for 'qchisq'
    bmem.em.rcov: no visible global function definition for 'pchisq'
    bmem.list.cov: no visible global function definition for 'na.omit'
    bmem.list.cov: no visible global function definition for 'cov'
    bmem.mi.cov: no visible global function definition for 'amelia'
    bmem.moments: no visible global function definition for 'na.omit'
    bmem.moments: no visible global function definition for
     'complete.cases'
    bmem.pair.cov: no visible global function definition for 'cov'
    bmem.plot: no visible global function definition for 'hist'
    bmem.plot: no visible global function definition for 'lines'
    bmem.plot: no visible global function definition for 'density'
    bmem.sem: no visible global function definition for 'sem'
    bmem.sobel: no visible global function definition for 'sem'
    bmem.sobel: no visible global function definition for 'pnorm'
    bmem.sobel.ind: no visible global function definition for 'deriv'
    plot.bmem: no visible global function definition for 'hist'
    plot.bmem: no visible global function definition for 'lines'
    plot.bmem: no visible global function definition for 'density'
    power.basic: no visible global function definition for 'simulateData'
    power.basic: no visible global function definition for 'lavaanNames'
    power.basic : runonce: no visible global function definition for
     'simulateData'
    power.basic : runonce: no visible global function definition for
     'qnorm'
    power.basic: no visible global function definition for 'sfInit'
    power.basic: no visible global function definition for 'sfLibrary'
    power.basic: no visible binding for global variable 'lavaan'
    power.basic: no visible global function definition for 'sfLapply'
    power.boot : coef.new: no visible global function definition for 'coef'
    power.boot: no visible global function definition for 'simulateData'
    power.boot: no visible global function definition for 'lavaanNames'
    power.boot : ci.bc1: no visible global function definition for 'qnorm'
    power.boot : ci.bc1: no visible global function definition for 'pnorm'
    power.boot : ci.bc1: no visible global function definition for
     'quantile'
    power.boot : ci.bc: no visible binding for global variable 'sd'
    power.boot : ci.perc: no visible binding for global variable 'sd'
    power.boot : ci.perc: no visible binding for global variable 'quantile'
    power.boot : runonce: no visible global function definition for
     'simulateData'
    power.boot : runonce: no visible global function definition for
     'bootstrapLavaan'
    power.boot : runonce: no visible global function definition for 'qnorm'
    power.boot: no visible global function definition for 'sfInit'
    power.boot: no visible global function definition for 'sfLibrary'
    power.boot: no visible binding for global variable 'lavaan'
    power.boot: no visible global function definition for 'sfLapply'
    power.curve: no visible global function definition for 'dev.new'
    power.curve: no visible global function definition for 'par'
    power.curve: no visible global function definition for 'plot'
    power.curve: no visible global function definition for 'lines'
    summary.power: no visible binding for global variable 'sd'
    summary.power: no visible global function definition for 'lavaanNames'
    Undefined global functions or variables:
     amelia bootstrapLavaan coef complete.cases cov cov.rob density deriv
     dev.new hist lavaan lavaanNames lines na.omit par pchisq plot pnorm
     qchisq qnorm quantile sd sem sfInit sfLapply sfLibrary simulateData
    Consider adding
     importFrom("grDevices", "dev.new")
     importFrom("graphics", "hist", "lines", "par", "plot")
     importFrom("stats", "coef", "complete.cases", "cov", "density",
     "deriv", "na.omit", "pchisq", "pnorm", "qchisq", "qnorm",
     "quantile", "sd")
    to your NAMESPACE file.
Flavors: r-devel-linux-x86_64-debian-clang, r-devel-linux-x86_64-debian-gcc, r-devel-linux-x86_64-fedora-clang, r-devel-linux-x86_64-fedora-gcc, r-devel-windows-ix86+x86_64, r-patched-linux-x86_64, r-patched-solaris-x86, r-release-linux-x86_64, r-release-windows-ix86+x86_64, r-release-osx-x86_64, r-oldrel-windows-ix86+x86_64, r-oldrel-osx-x86_64