CRAN Package Check Results for Package bmlm

Last updated on 2019-10-31 00:50:50 CET.

Flavor Version Tinstall Tcheck Ttotal Status Flags
r-devel-linux-x86_64-debian-clang 1.3.11 136.94 67.41 204.35 NOTE
r-devel-linux-x86_64-debian-gcc 1.3.11 134.52 55.02 189.54 NOTE
r-devel-linux-x86_64-fedora-clang 1.3.11 297.44 NOTE
r-devel-linux-x86_64-fedora-gcc 1.3.11 338.19 NOTE
r-devel-windows-ix86+x86_64 1.3.11 294.00 173.00 467.00 NOTE
r-patched-linux-x86_64 1.3.11 147.04 67.17 214.21 NOTE
r-patched-solaris-x86 1.3.11 281.40 NOTE
r-release-linux-x86_64 1.3.11 136.50 67.85 204.35 NOTE
r-release-windows-ix86+x86_64 1.3.11 292.00 133.00 425.00 NOTE
r-release-osx-x86_64 1.3.11 NOTE
r-oldrel-windows-ix86+x86_64 1.3.11 235.00 202.00 437.00 NOTE
r-oldrel-osx-x86_64 1.3.11 NOTE

Check Details

Version: 1.3.11
Check: for GNU extensions in Makefiles
Result: NOTE
    GNU make is a SystemRequirements.
Flavors: r-devel-linux-x86_64-debian-clang, r-devel-linux-x86_64-debian-gcc, r-devel-linux-x86_64-fedora-clang, r-devel-linux-x86_64-fedora-gcc, r-devel-windows-ix86+x86_64, r-patched-linux-x86_64, r-patched-solaris-x86, r-release-linux-x86_64, r-release-windows-ix86+x86_64, r-release-osx-x86_64, r-oldrel-windows-ix86+x86_64, r-oldrel-osx-x86_64

Version: 1.3.11
Check: installed package size
Result: NOTE
     installed size is 33.7Mb
     sub-directories of 1Mb or more:
     libs 33.4Mb
Flavors: r-devel-linux-x86_64-fedora-clang, r-release-osx-x86_64, r-oldrel-osx-x86_64