Last updated on 2019-10-31 00:50:50 CET.
Flavor | Version | Tinstall | Tcheck | Ttotal | Status | Flags |
---|---|---|---|---|---|---|
r-devel-linux-x86_64-debian-clang | 1.3 | 2.85 | 44.33 | 47.18 | OK | |
r-devel-linux-x86_64-debian-gcc | 1.3 | 2.62 | 34.91 | 37.53 | OK | |
r-devel-linux-x86_64-fedora-clang | 1.3 | 58.90 | OK | |||
r-devel-linux-x86_64-fedora-gcc | 1.3 | 58.38 | OK | |||
r-devel-windows-ix86+x86_64 | 1.3 | 6.00 | 5.00 | 11.00 | ERROR | |
r-patched-linux-x86_64 | 1.3 | 3.03 | 42.90 | 45.93 | OK | |
r-patched-solaris-x86 | 1.3 | 73.40 | OK | |||
r-release-linux-x86_64 | 1.3 | 2.82 | 42.68 | 45.50 | OK | |
r-release-windows-ix86+x86_64 | 1.3 | 11.00 | 58.00 | 69.00 | OK | |
r-release-osx-x86_64 | 1.3 | OK | ||||
r-oldrel-windows-ix86+x86_64 | 1.3 | 5.00 | 80.00 | 85.00 | OK | |
r-oldrel-osx-x86_64 | 1.3 | OK |
Version: 1.3
Check: whether package can be installed
Result: ERROR
Installation failed.
Flavor: r-devel-windows-ix86+x86_64