Last updated on 2019-10-31 00:50:51 CET.
Flavor | Version | Tinstall | Tcheck | Ttotal | Status | Flags |
---|---|---|---|---|---|---|
r-devel-linux-x86_64-debian-clang | 1.4 | 2.62 | 16.09 | 18.71 | NOTE | |
r-devel-linux-x86_64-debian-gcc | 1.4 | 2.15 | 13.18 | 15.33 | NOTE | |
r-devel-linux-x86_64-fedora-clang | 1.4 | 23.84 | NOTE | |||
r-devel-linux-x86_64-fedora-gcc | 1.4 | 23.51 | NOTE | |||
r-devel-windows-ix86+x86_64 | 1.4 | 14.00 | 30.00 | 44.00 | NOTE | |
r-patched-linux-x86_64 | 1.4 | 2.39 | 16.08 | 18.47 | NOTE | |
r-patched-solaris-x86 | 1.4 | 37.70 | NOTE | |||
r-release-linux-x86_64 | 1.4 | 2.29 | 15.83 | 18.12 | NOTE | |
r-release-windows-ix86+x86_64 | 1.4 | 7.00 | 46.00 | 53.00 | NOTE | |
r-release-osx-x86_64 | 1.4 | NOTE | ||||
r-oldrel-windows-ix86+x86_64 | 1.4 | 5.00 | 31.00 | 36.00 | NOTE | |
r-oldrel-osx-x86_64 | 1.4 | NOTE |
Version: 1.4
Check: DESCRIPTION meta-information
Result: NOTE
Malformed Description field: should contain one or more complete sentences.
Flavors: r-devel-linux-x86_64-debian-clang, r-devel-linux-x86_64-debian-gcc, r-devel-linux-x86_64-fedora-clang, r-devel-linux-x86_64-fedora-gcc, r-devel-windows-ix86+x86_64, r-patched-linux-x86_64, r-patched-solaris-x86, r-release-linux-x86_64, r-release-windows-ix86+x86_64, r-release-osx-x86_64, r-oldrel-windows-ix86+x86_64, r-oldrel-osx-x86_64
Version: 1.4
Check: compiled code
Result: NOTE
File ‘bvls/libs/bvls.so’:
Found no calls to: ‘R_registerRoutines’, ‘R_useDynamicSymbols’
It is good practice to register native routines and to disable symbol
search.
See ‘Writing portable packages’ in the ‘Writing R Extensions’ manual.
Flavors: r-devel-linux-x86_64-fedora-clang, r-devel-linux-x86_64-fedora-gcc