Last updated on 2019-10-31 00:50:51 CET.
Flavor | Version | Tinstall | Tcheck | Ttotal | Status | Flags |
---|---|---|---|---|---|---|
r-devel-linux-x86_64-debian-clang | 0.2.1 | 6.82 | 60.76 | 67.58 | OK | |
r-devel-linux-x86_64-debian-gcc | 0.2.1 | 5.36 | 46.54 | 51.90 | OK | |
r-devel-linux-x86_64-fedora-clang | 0.2.1 | 80.62 | NOTE | |||
r-devel-linux-x86_64-fedora-gcc | 0.2.1 | 77.98 | NOTE | |||
r-devel-windows-ix86+x86_64 | 0.2.1 | 28.00 | 113.00 | 141.00 | OK | |
r-patched-linux-x86_64 | 0.2.1 | 4.68 | 57.85 | 62.53 | OK | |
r-patched-solaris-x86 | 0.2.1 | 122.70 | NOTE | |||
r-release-linux-x86_64 | 0.2.1 | 5.83 | 57.33 | 63.16 | OK | |
r-release-windows-ix86+x86_64 | 0.2.1 | 18.00 | 79.00 | 97.00 | OK | |
r-release-osx-x86_64 | 0.2.1 | NOTE | ||||
r-oldrel-windows-ix86+x86_64 | 0.2.1 | 10.00 | 109.00 | 119.00 | OK | |
r-oldrel-osx-x86_64 | 0.2.1 | NOTE |
Version: 0.2.1
Check: data for non-ASCII characters
Result: NOTE
Note: found 14661 marked UTF-8 strings
Flavors: r-devel-linux-x86_64-fedora-clang, r-devel-linux-x86_64-fedora-gcc, r-patched-solaris-x86, r-release-osx-x86_64, r-oldrel-osx-x86_64