CRAN Package Check Results for Package codemetar

Last updated on 2019-10-31 00:50:51 CET.

Flavor Version Tinstall Tcheck Ttotal Status Flags
r-devel-linux-x86_64-debian-clang 0.1.8 5.47 73.27 78.74 OK
r-devel-linux-x86_64-debian-gcc 0.1.8 3.98 57.12 61.10 OK
r-devel-linux-x86_64-fedora-clang 0.1.8 90.61 NOTE
r-devel-linux-x86_64-fedora-gcc 0.1.8 87.98 NOTE
r-devel-windows-ix86+x86_64 0.1.8 24.00 109.00 133.00 OK
r-patched-linux-x86_64 0.1.8 5.28 68.64 73.92 OK
r-patched-solaris-x86 0.1.8 90.50 ERROR
r-release-linux-x86_64 0.1.8 4.47 69.59 74.06 OK
r-release-windows-ix86+x86_64 0.1.8 16.00 114.00 130.00 OK
r-release-osx-x86_64 0.1.8 NOTE
r-oldrel-windows-ix86+x86_64 0.1.8 7.00 99.00 106.00 OK
r-oldrel-osx-x86_64 0.1.8 NOTE

Check Details

Version: 0.1.8
Check: dependencies in R code
Result: NOTE
    Namespace in Imports field not imported from: ‘memoise’
     All declared Imports should be used.
Flavors: r-devel-linux-x86_64-fedora-clang, r-devel-linux-x86_64-fedora-gcc, r-patched-solaris-x86, r-release-osx-x86_64, r-oldrel-osx-x86_64

Version: 0.1.8
Check: tests
Result: ERROR
     Running ‘testthat.R’ [8s/107s]
    Running the tests in ‘tests/testthat.R’ failed.
    Complete output:
     > library(testthat)
     > library(codemetar)
     >
     > skip_if_offline <- function() skip_if_not(pingr::is_online())
     > test_check("codemetar")
     ── 1. Error: We can parse plain Authors: & Maintainers: entries (@test-codemeta_
     Timeout was reached: [sysreqs.r-hub.io] Resolving timed out after 10000 milliseconds
     1: codemeta_description(example_file("example.dcf")) at testthat/test-codemeta_description.R:40
     2: add_software_terms(codemeta, descr)
     3: parse_sys_reqs(descr$get("Package"), descr$get("SystemRequirements"))
     4: get_sys_links(pkg, description = sys_reqs)
     5: get_url_rhub("get", unique(c(get_rhub_json_names("pkg", pkg), get_rhub_json_names("map",
     curl::curl_escape(description)))))
     6: sprintf("https://sysreqs.r-hub.io/%s/%s", a, b)
     7: unique(c(get_rhub_json_names("pkg", pkg), get_rhub_json_names("map", curl::curl_escape(description))))
     8: get_rhub_json_names("pkg", pkg)
     9: sapply(X = jsonlite::fromJSON(get_url_rhub(a, b), simplifyVector = FALSE), FUN = names)
     10: lapply(X = X, FUN = FUN, ...)
     11: jsonlite::fromJSON(get_url_rhub(a, b), simplifyVector = FALSE)
     12: parse_and_simplify(txt = txt, simplifyVector = simplifyVector, simplifyDataFrame = simplifyDataFrame,
     simplifyMatrix = simplifyMatrix, flatten = flatten, ...)
     13: parseJSON(txt, bigint_as_char)
     14: parse_con(txt, bigint_as_char)
     15: open(con, "rb")
     16: open.connection(con, "rb")
    
     ── 2. Error: Helper functions work correctly (@test-codemeta_description.R#82)
     Timeout was reached: [sysreqs.r-hub.io] Resolving timed out after 10000 milliseconds
     1: add_software_terms(codemeta, descr) at testthat/test-codemeta_description.R:82
     2: parse_sys_reqs(descr$get("Package"), descr$get("SystemRequirements"))
     3: get_sys_links(pkg, description = sys_reqs)
     4: get_url_rhub("get", unique(c(get_rhub_json_names("pkg", pkg), get_rhub_json_names("map",
     curl::curl_escape(description)))))
     5: sprintf("https://sysreqs.r-hub.io/%s/%s", a, b)
     6: unique(c(get_rhub_json_names("pkg", pkg), get_rhub_json_names("map", curl::curl_escape(description))))
     7: get_rhub_json_names("map", curl::curl_escape(description))
     8: sapply(X = jsonlite::fromJSON(get_url_rhub(a, b), simplifyVector = FALSE), FUN = names)
     9: lapply(X = X, FUN = FUN, ...)
     10: jsonlite::fromJSON(get_url_rhub(a, b), simplifyVector = FALSE)
     11: parse_and_simplify(txt = txt, simplifyVector = simplifyVector, simplifyDataFrame = simplifyDataFrame,
     simplifyMatrix = simplifyMatrix, flatten = flatten, ...)
     12: parseJSON(txt, bigint_as_char)
     13: parse_con(txt, bigint_as_char)
     14: open(con, "rb")
     15: open.connection(con, "rb")
    
     ══ testthat results ═══════════════════════════════════════════════════════════
     [ OK: 85 | SKIPPED: 32 | WARNINGS: 0 | FAILED: 2 ]
     1. Error: We can parse plain Authors: & Maintainers: entries (@test-codemeta_description.R#40)
     2. Error: Helper functions work correctly (@test-codemeta_description.R#82)
    
     Error: testthat unit tests failed
     Execution halted
Flavor: r-patched-solaris-x86