CRAN Package Check Results for Package congressbr

Last updated on 2019-10-31 00:50:51 CET.

Flavor Version Tinstall Tcheck Ttotal Status Flags
r-devel-linux-x86_64-debian-clang 0.2.1 10.26 76.61 86.87 OK
r-devel-linux-x86_64-debian-gcc 0.2.1 8.47 57.09 65.56 OK
r-devel-linux-x86_64-fedora-clang 0.2.1 102.20 NOTE
r-devel-linux-x86_64-fedora-gcc 0.2.1 99.87 NOTE
r-devel-windows-ix86+x86_64 0.2.1 38.00 181.00 219.00 OK
r-patched-linux-x86_64 0.2.1 9.46 72.39 81.85 OK
r-patched-solaris-x86 0.2.1 123.90 ERROR
r-release-linux-x86_64 0.2.1 8.80 72.43 81.23 OK
r-release-windows-ix86+x86_64 0.2.1 23.00 142.00 165.00 OK
r-release-osx-x86_64 0.2.1 NOTE
r-oldrel-windows-ix86+x86_64 0.2.1 12.00 138.00 150.00 OK
r-oldrel-osx-x86_64 0.2.1 NOTE

Check Details

Version: 0.2.1
Check: data for non-ASCII characters
Result: NOTE
     Note: found 1 marked UTF-8 string
Flavors: r-devel-linux-x86_64-fedora-clang, r-devel-linux-x86_64-fedora-gcc, r-patched-solaris-x86, r-release-osx-x86_64, r-oldrel-osx-x86_64

Version: 0.2.1
Check: examples
Result: ERROR
    Running examples in ‘congressbr-Ex.R’ failed
    The error most likely occurred in:
    
    > ### Name: cham_bill_info
    > ### Title: Downloads details of a specific bill by providing type, number
    > ### and year
    > ### Aliases: cham_bill_info
    >
    > ### ** Examples
    >
    > cham_bill_info(type = "PL", number = "3962", year = "2008")
    Error in open.connection(x, "rb") :
     Timeout was reached: [www.camara.leg.br] Connection timed out after 10000 milliseconds
    Calls: cham_bill_info ... read_xml.character -> read_xml.connection -> open -> open.connection
    Execution halted
Flavor: r-patched-solaris-x86

Version: 0.2.1
Check: re-building of vignette outputs
Result: WARN
    Error(s) in re-building vignettes:
     ...
    --- re-building ‘chamber.Rmd’ using rmarkdown
    Warning in engine$weave(file, quiet = quiet, encoding = enc) :
     Pandoc (>= 1.12.3) and/or pandoc-citeproc not available. Falling back to R Markdown v1.
    Quitting from lines 32-33 (chamber.Rmd)
    Error: processing vignette 'chamber.Rmd' failed with diagnostics:
    HTTP error 500
    --- failed re-building ‘chamber.Rmd’
    
    --- re-building ‘senate.Rmd’ using rmarkdown
    Warning in engine$weave(file, quiet = quiet, encoding = enc) :
     Pandoc (>= 1.12.3) and/or pandoc-citeproc not available. Falling back to R Markdown v1.
    Loading required package: dplyr
    
    Attaching package: 'dplyr'
    
    The following objects are masked from 'package:stats':
    
     filter, lag
    
    The following objects are masked from 'package:base':
    
     intersect, setdiff, setequal, union
    
    --- finished re-building ‘senate.Rmd’
    
    SUMMARY: processing the following file failed:
     ‘chamber.Rmd’
    
    Error: Vignette re-building failed.
    Execution halted
Flavor: r-patched-solaris-x86