Last updated on 2019-10-31 00:50:52 CET.
Flavor | Version | Tinstall | Tcheck | Ttotal | Status | Flags |
---|---|---|---|---|---|---|
r-devel-linux-x86_64-debian-clang | 0.21 | 10.97 | 91.44 | 102.41 | OK | |
r-devel-linux-x86_64-debian-gcc | 0.21 | 9.12 | 70.23 | 79.35 | OK | |
r-devel-linux-x86_64-fedora-clang | 0.21 | 120.76 | NOTE | |||
r-devel-linux-x86_64-fedora-gcc | 0.21 | 119.78 | NOTE | |||
r-devel-windows-ix86+x86_64 | 0.21 | 42.00 | 143.00 | 185.00 | OK | |
r-patched-linux-x86_64 | 0.21 | 9.02 | 85.38 | 94.40 | OK | |
r-patched-solaris-x86 | 0.21 | 181.90 | NOTE | |||
r-release-linux-x86_64 | 0.21 | 8.42 | 85.88 | 94.30 | OK | |
r-release-windows-ix86+x86_64 | 0.21 | 42.00 | 103.00 | 145.00 | OK | |
r-release-osx-x86_64 | 0.21 | NOTE | ||||
r-oldrel-windows-ix86+x86_64 | 0.21 | 24.00 | 107.00 | 131.00 | OK | |
r-oldrel-osx-x86_64 | 0.21 | NOTE |
Version: 0.21
Check: dependencies in R code
Result: NOTE
Namespaces in Imports field not imported from:
‘Hmisc’ ‘MASS’ ‘geepack’
All declared Imports should be used.
Flavors: r-devel-linux-x86_64-fedora-clang, r-devel-linux-x86_64-fedora-gcc, r-patched-solaris-x86, r-release-osx-x86_64, r-oldrel-osx-x86_64