CRAN Package Check Results for Package corporaexplorer

Last updated on 2019-10-31 00:50:52 CET.

Flavor Version Tinstall Tcheck Ttotal Status Flags
r-devel-linux-x86_64-debian-clang 0.6.3 3.01 31.46 34.47 OK
r-devel-linux-x86_64-debian-gcc 0.6.3 2.48 23.98 26.46 OK
r-devel-linux-x86_64-fedora-clang 0.6.3 41.40 NOTE
r-devel-linux-x86_64-fedora-gcc 0.6.3 39.75 NOTE
r-devel-windows-ix86+x86_64 0.6.3 25.00 61.00 86.00 OK
r-patched-linux-x86_64 0.6.3 2.41 29.98 32.39 OK
r-patched-solaris-x86 0.6.3 59.80 NOTE
r-release-linux-x86_64 0.6.3 2.56 30.51 33.07 OK
r-release-windows-ix86+x86_64 0.6.3 9.00 44.00 53.00 OK
r-release-osx-x86_64 0.6.3 NOTE
r-oldrel-windows-ix86+x86_64 0.6.3 6.00 41.00 47.00 OK
r-oldrel-osx-x86_64 0.6.3 NOTE

Check Details

Version: 0.6.3
Check: dependencies in R code
Result: NOTE
    Namespaces in Imports field not imported from:
     ‘RColorBrewer’ ‘forcats’ ‘ggplot2’ ‘re2r’ ‘rmarkdown’ ‘shinyWidgets’
     ‘shinycssloaders’ ‘shinydashboard’ ‘shinyjs’ ‘tidyr’ ‘zoo’
     All declared Imports should be used.
Flavors: r-devel-linux-x86_64-fedora-clang, r-devel-linux-x86_64-fedora-gcc, r-patched-solaris-x86, r-release-osx-x86_64, r-oldrel-osx-x86_64