Last updated on 2019-10-31 00:50:52 CET.
Flavor | Version | Tinstall | Tcheck | Ttotal | Status | Flags |
---|---|---|---|---|---|---|
r-devel-linux-x86_64-debian-clang | 1.1.0 | 3.02 | 19.70 | 22.72 | OK | |
r-devel-linux-x86_64-debian-gcc | 1.1.0 | 2.83 | 15.99 | 18.82 | OK | |
r-devel-linux-x86_64-fedora-clang | 1.1.0 | 29.83 | NOTE | |||
r-devel-linux-x86_64-fedora-gcc | 1.1.0 | 29.09 | NOTE | |||
r-devel-windows-ix86+x86_64 | 1.1.0 | 9.00 | 43.00 | 52.00 | OK | |
r-patched-linux-x86_64 | 1.1.0 | 3.03 | 19.18 | 22.21 | OK | |
r-patched-solaris-x86 | 1.1.0 | 44.80 | NOTE | |||
r-release-linux-x86_64 | 1.1.0 | 2.89 | 19.28 | 22.17 | OK | |
r-release-windows-ix86+x86_64 | 1.1.0 | 7.00 | 32.00 | 39.00 | OK | |
r-release-osx-x86_64 | 1.1.0 | NOTE | ||||
r-oldrel-windows-ix86+x86_64 | 1.1.0 | 4.00 | 48.00 | 52.00 | OK | |
r-oldrel-osx-x86_64 | 1.1.0 | NOTE |
Version: 1.1.0
Check: data for non-ASCII characters
Result: NOTE
Note: found 70533 marked UTF-8 strings
Flavors: r-devel-linux-x86_64-fedora-clang, r-devel-linux-x86_64-fedora-gcc, r-patched-solaris-x86, r-release-osx-x86_64, r-oldrel-osx-x86_64