CRAN Package Check Results for Package countyweather

Last updated on 2019-10-31 00:50:52 CET.

Flavor Version Tinstall Tcheck Ttotal Status Flags
r-devel-linux-x86_64-debian-clang 0.1.0 5.77 57.98 63.75 OK
r-devel-linux-x86_64-debian-gcc 0.1.0 4.53 44.76 49.29 OK
r-devel-linux-x86_64-fedora-clang 0.1.0 75.53 NOTE
r-devel-linux-x86_64-fedora-gcc 0.1.0 73.79 NOTE
r-devel-windows-ix86+x86_64 0.1.0 19.00 93.00 112.00 OK
r-patched-linux-x86_64 0.1.0 5.07 54.54 59.61 OK
r-patched-solaris-x86 0.1.0 111.70 NOTE
r-release-linux-x86_64 0.1.0 5.63 53.94 59.57 OK
r-release-windows-ix86+x86_64 0.1.0 21.00 101.00 122.00 OK
r-release-osx-x86_64 0.1.0 NOTE
r-oldrel-windows-ix86+x86_64 0.1.0 6.00 75.00 81.00 OK
r-oldrel-osx-x86_64 0.1.0 NOTE

Check Details

Version: 0.1.0
Check: data for non-ASCII characters
Result: NOTE
     Note: found 1 marked UTF-8 string
Flavors: r-devel-linux-x86_64-fedora-clang, r-devel-linux-x86_64-fedora-gcc, r-patched-solaris-x86, r-release-osx-x86_64, r-oldrel-osx-x86_64