CRAN Package Check Results for Package crossrun

Last updated on 2019-10-31 00:50:52 CET.

Flavor Version Tinstall Tcheck Ttotal Status Flags
r-devel-linux-x86_64-debian-clang 0.1.0 2.91 42.04 44.95 NOTE
r-devel-linux-x86_64-debian-gcc 0.1.0 2.41 30.85 33.26 NOTE
r-devel-linux-x86_64-fedora-clang 0.1.0 52.29 OK
r-devel-linux-x86_64-fedora-gcc 0.1.0 50.88 OK
r-devel-windows-ix86+x86_64 0.1.0 8.00 68.00 76.00 NOTE
r-patched-linux-x86_64 0.1.0 2.29 40.39 42.68 OK
r-patched-solaris-x86 0.1.0 68.60 OK
r-release-linux-x86_64 0.1.0 2.05 40.09 42.14 OK
r-release-windows-ix86+x86_64 0.1.0 7.00 54.00 61.00 OK
r-release-osx-x86_64 0.1.0 OK
r-oldrel-windows-ix86+x86_64 0.1.0 3.00 51.00 54.00 OK
r-oldrel-osx-x86_64 0.1.0 OK

Check Details

Version: 0.1.0
Check: package vignettes
Result: NOTE
    Package vignette with placeholder title 'Vignette Title':
     'vignettecrossrun.Rmd'
Flavors: r-devel-linux-x86_64-debian-clang, r-devel-linux-x86_64-debian-gcc, r-devel-windows-ix86+x86_64