CRAN Package Check Results for Package crsra

Last updated on 2019-10-31 00:50:52 CET.

Flavor Version Tinstall Tcheck Ttotal Status Flags
r-devel-linux-x86_64-debian-clang 0.2.3 9.12 84.72 93.84 OK
r-devel-linux-x86_64-debian-gcc 0.2.3 8.80 62.15 70.95 OK
r-devel-linux-x86_64-fedora-clang 0.2.3 110.53 NOTE
r-devel-linux-x86_64-fedora-gcc 0.2.3 108.73 NOTE
r-devel-windows-ix86+x86_64 0.2.3 37.00 130.00 167.00 OK
r-patched-linux-x86_64 0.2.3 7.80 78.91 86.71 OK
r-patched-solaris-x86 0.2.3 165.30 NOTE
r-release-linux-x86_64 0.2.3 8.60 77.01 85.61 OK
r-release-windows-ix86+x86_64 0.2.3 28.00 90.00 118.00 OK
r-release-osx-x86_64 0.2.3 NOTE
r-oldrel-windows-ix86+x86_64 0.2.3 15.00 88.00 103.00 OK
r-oldrel-osx-x86_64 0.2.3 NOTE

Check Details

Version: 0.2.3
Check: data for non-ASCII characters
Result: NOTE
     Note: found 500 marked UTF-8 strings
Flavors: r-devel-linux-x86_64-fedora-clang, r-devel-linux-x86_64-fedora-gcc, r-patched-solaris-x86, r-release-osx-x86_64, r-oldrel-osx-x86_64