CRAN Package Check Results for Package ctsem

Last updated on 2019-10-31 00:50:52 CET.

Flavor Version Tinstall Tcheck Ttotal Status Flags
r-devel-linux-x86_64-debian-clang 3.0.4 826.65 267.87 1094.52 NOTE --no-vignettes
r-devel-linux-x86_64-debian-gcc 3.0.4 588.63 220.18 808.81 NOTE --no-vignettes
r-devel-linux-x86_64-fedora-clang 3.0.4 1579.87 NOTE
r-devel-linux-x86_64-fedora-gcc 3.0.4 1900.58 NOTE
r-devel-windows-ix86+x86_64 3.0.4 519.00 484.00 1003.00 NOTE --no-vignettes
r-patched-linux-x86_64 3.0.4 637.13 271.35 908.48 NOTE --no-vignettes
r-patched-solaris-x86 3.0.4 11.50 ERROR
r-release-linux-x86_64 3.0.4 648.23 280.45 928.68 NOTE --no-vignettes
r-release-windows-ix86+x86_64 3.0.4 518.00 485.00 1003.00 NOTE --no-vignettes
r-release-osx-x86_64 3.0.4 NOTE
r-oldrel-windows-ix86+x86_64 3.0.4 371.00 335.00 706.00 NOTE --no-vignettes
r-oldrel-osx-x86_64 3.0.4 NOTE

Check Details

Version: 3.0.4
Flags: --no-vignettes
Check: for GNU extensions in Makefiles
Result: NOTE
    GNU make is a SystemRequirements.
Flavors: r-devel-linux-x86_64-debian-clang, r-devel-linux-x86_64-debian-gcc, r-devel-windows-ix86+x86_64, r-patched-linux-x86_64, r-release-linux-x86_64, r-release-windows-ix86+x86_64, r-oldrel-windows-ix86+x86_64

Version: 3.0.4
Check: installed package size
Result: NOTE
     installed size is 105.0Mb
     sub-directories of 1Mb or more:
     data 1.9Mb
     libs 101.0Mb
Flavors: r-devel-linux-x86_64-fedora-clang, r-release-osx-x86_64, r-oldrel-osx-x86_64

Version: 3.0.4
Check: dependencies in R code
Result: NOTE
    Namespace in Imports field not imported from: ‘pkgbuild’
     All declared Imports should be used.
Flavors: r-devel-linux-x86_64-fedora-clang, r-devel-linux-x86_64-fedora-gcc, r-release-osx-x86_64, r-oldrel-osx-x86_64

Version: 3.0.4
Check: for GNU extensions in Makefiles
Result: NOTE
    GNU make is a SystemRequirements.
Flavors: r-devel-linux-x86_64-fedora-clang, r-devel-linux-x86_64-fedora-gcc, r-release-osx-x86_64, r-oldrel-osx-x86_64

Version: 3.0.4
Flags: --no-vignettes
Check: installed package size
Result: NOTE
     installed size is 7.9Mb
     sub-directories of 1Mb or more:
     data 1.9Mb
     libs 4.0Mb
Flavors: r-devel-windows-ix86+x86_64, r-release-windows-ix86+x86_64, r-oldrel-windows-ix86+x86_64

Version: 3.0.4
Check: whether package can be installed
Result: ERROR
    Installation failed.
Flavor: r-patched-solaris-x86