Last updated on 2019-10-31 00:50:52 CET.
Flavor | Version | Tinstall | Tcheck | Ttotal | Status | Flags |
---|---|---|---|---|---|---|
r-devel-linux-x86_64-debian-clang | 0.3.2 | 4.71 | 119.44 | 124.15 | NOTE | |
r-devel-linux-x86_64-debian-gcc | 0.3.2 | 3.07 | 90.94 | 94.01 | NOTE | |
r-devel-linux-x86_64-fedora-clang | 0.3.2 | 133.36 | NOTE | |||
r-devel-linux-x86_64-fedora-gcc | 0.3.2 | 133.40 | NOTE | |||
r-devel-windows-ix86+x86_64 | 0.3.2 | 13.00 | 146.00 | 159.00 | NOTE | |
r-patched-linux-x86_64 | 0.3.2 | 3.88 | 114.89 | 118.77 | NOTE | |
r-patched-solaris-x86 | 0.3.2 | 191.60 | NOTE | |||
r-release-linux-x86_64 | 0.3.2 | 3.19 | 115.06 | 118.25 | NOTE | |
r-release-windows-ix86+x86_64 | 0.3.2 | 13.00 | 113.00 | 126.00 | NOTE | |
r-release-osx-x86_64 | 0.3.2 | NOTE | ||||
r-oldrel-windows-ix86+x86_64 | 0.3.2 | 5.00 | 158.00 | 163.00 | NOTE | |
r-oldrel-osx-x86_64 | 0.3.2 | NOTE |
Version: 0.3.2
Check: DESCRIPTION meta-information
Result: NOTE
Packages listed in more than one of Depends, Imports, Suggests, Enhances:
'lattice' 'robustbase'
A package should be listed in only one of these fields.
Flavors: r-devel-linux-x86_64-debian-clang, r-devel-linux-x86_64-debian-gcc, r-devel-linux-x86_64-fedora-clang, r-devel-linux-x86_64-fedora-gcc, r-devel-windows-ix86+x86_64, r-patched-linux-x86_64, r-patched-solaris-x86, r-release-linux-x86_64, r-release-windows-ix86+x86_64, r-release-osx-x86_64, r-oldrel-windows-ix86+x86_64, r-oldrel-osx-x86_64