CRAN Package Check Results for Package datadigest

Last updated on 2019-10-31 00:50:52 CET.

Flavor Version Tinstall Tcheck Ttotal Status Flags
r-devel-linux-x86_64-debian-clang 1.0.2 9.51 79.27 88.78 NOTE
r-devel-linux-x86_64-debian-gcc 1.0.2 7.61 60.92 68.53 NOTE
r-devel-linux-x86_64-fedora-clang 1.0.2 105.61 NOTE
r-devel-linux-x86_64-fedora-gcc 1.0.2 104.20 NOTE
r-devel-windows-ix86+x86_64 1.0.2 29.00 145.00 174.00 NOTE
r-patched-linux-x86_64 1.0.2 8.99 75.49 84.48 OK
r-patched-solaris-x86 1.0.2 162.50 NOTE
r-release-linux-x86_64 1.0.2 9.17 75.28 84.45 OK
r-release-windows-ix86+x86_64 1.0.2 30.00 89.00 119.00 OK
r-release-osx-x86_64 1.0.2 NOTE
r-oldrel-windows-ix86+x86_64 1.0.2 13.00 130.00 143.00 OK
r-oldrel-osx-x86_64 1.0.2 NOTE

Check Details

Version: 1.0.2
Check: package vignettes
Result: NOTE
    Package vignette with placeholder title 'Vignette Title':
     'datadigest.Rmd'
Flavors: r-devel-linux-x86_64-debian-clang, r-devel-linux-x86_64-debian-gcc, r-devel-windows-ix86+x86_64

Version: 1.0.2
Check: dependencies in R code
Result: NOTE
    Namespace in Imports field not imported from: ‘miniUI’
     All declared Imports should be used.
Flavors: r-devel-linux-x86_64-fedora-clang, r-devel-linux-x86_64-fedora-gcc, r-patched-solaris-x86, r-release-osx-x86_64, r-oldrel-osx-x86_64