Last updated on 2019-10-31 00:50:52 CET.
Flavor | Version | Tinstall | Tcheck | Ttotal | Status | Flags |
---|---|---|---|---|---|---|
r-devel-linux-x86_64-debian-clang | 0.1.5 | 3.66 | 23.74 | 27.40 | WARN | |
r-devel-linux-x86_64-debian-gcc | 0.1.5 | 2.87 | 19.16 | 22.03 | WARN | |
r-devel-linux-x86_64-fedora-clang | 0.1.5 | 34.63 | WARN | |||
r-devel-linux-x86_64-fedora-gcc | 0.1.5 | 33.35 | WARN | |||
r-devel-windows-ix86+x86_64 | 0.1.5 | 16.00 | 63.00 | 79.00 | OK | |
r-patched-linux-x86_64 | 0.1.5 | 2.83 | 23.69 | 26.52 | OK | |
r-patched-solaris-x86 | 0.1.5 | 47.10 | OK | |||
r-release-linux-x86_64 | 0.1.5 | 3.01 | 23.47 | 26.48 | OK | |
r-release-windows-ix86+x86_64 | 0.1.5 | 13.00 | 44.00 | 57.00 | OK | |
r-release-osx-x86_64 | 0.1.5 | OK | ||||
r-oldrel-windows-ix86+x86_64 | 0.1.5 | 8.00 | 74.00 | 82.00 | OK | |
r-oldrel-osx-x86_64 | 0.1.5 | OK |
Version: 0.1.5
Check: whether package can be installed
Result: WARN
Found the following significant warnings:
'config' variable 'CPP' is deprecated
Flavors: r-devel-linux-x86_64-debian-clang, r-devel-linux-x86_64-debian-gcc, r-devel-linux-x86_64-fedora-clang, r-devel-linux-x86_64-fedora-gcc