Last updated on 2019-10-31 00:50:52 CET.
Flavor | Version | Tinstall | Tcheck | Ttotal | Status | Flags |
---|---|---|---|---|---|---|
r-devel-linux-x86_64-debian-clang | 2.3-0 | 13.27 | 95.24 | 108.51 | OK | |
r-devel-linux-x86_64-debian-gcc | 2.3-0 | 11.14 | 72.35 | 83.49 | OK | |
r-devel-linux-x86_64-fedora-clang | 2.3-0 | 129.82 | OK | |||
r-devel-linux-x86_64-fedora-gcc | 2.3-0 | 127.36 | OK | |||
r-devel-windows-ix86+x86_64 | 2.3-0 | 37.00 | 157.00 | 194.00 | OK | |
r-patched-linux-x86_64 | 2.3-0 | 12.26 | 89.54 | 101.80 | OK | |
r-patched-solaris-x86 | 2.3-0 | 192.20 | NOTE | |||
r-release-linux-x86_64 | 2.3-0 | 12.44 | 88.96 | 101.40 | OK | |
r-release-windows-ix86+x86_64 | 2.3-0 | 38.00 | 107.00 | 145.00 | OK | |
r-release-osx-x86_64 | 2.3-0 | NOTE | ||||
r-oldrel-windows-ix86+x86_64 | 2.3-0 | 15.00 | 122.00 | 137.00 | OK | |
r-oldrel-osx-x86_64 | 2.3-0 | NOTE |
Version: 2.3-0
Check: package dependencies
Result: NOTE
Package suggested but not available for checking: ‘BRugs’
Flavors: r-patched-solaris-x86, r-release-osx-x86_64, r-oldrel-osx-x86_64