Last updated on 2019-10-31 00:50:53 CET.
Flavor | Version | Tinstall | Tcheck | Ttotal | Status | Flags |
---|---|---|---|---|---|---|
r-devel-linux-x86_64-debian-clang | 0.1.3 | 2.74 | 27.25 | 29.99 | OK | |
r-devel-linux-x86_64-debian-gcc | 0.1.3 | 2.06 | 21.94 | 24.00 | OK | |
r-devel-linux-x86_64-fedora-clang | 0.1.3 | 37.04 | NOTE | |||
r-devel-linux-x86_64-fedora-gcc | 0.1.3 | 36.32 | OK | |||
r-devel-windows-ix86+x86_64 | 0.1.3 | 9.00 | 59.00 | 68.00 | NOTE | |
r-patched-linux-x86_64 | 0.1.3 | 2.45 | 26.67 | 29.12 | OK | |
r-patched-solaris-x86 | 0.1.3 | 47.70 | NOTE | |||
r-release-linux-x86_64 | 0.1.3 | 2.47 | 26.45 | 28.92 | OK | |
r-release-windows-ix86+x86_64 | 0.1.3 | 9.00 | 52.00 | 61.00 | NOTE | |
r-release-osx-x86_64 | 0.1.3 | NOTE | ||||
r-oldrel-windows-ix86+x86_64 | 0.1.3 | 4.00 | 52.00 | 56.00 | NOTE | |
r-oldrel-osx-x86_64 | 0.1.3 | NOTE |
Version: 0.1.3
Check: installed package size
Result: NOTE
installed size is 9.5Mb
sub-directories of 1Mb or more:
doc 9.3Mb
Flavors: r-devel-linux-x86_64-fedora-clang, r-devel-windows-ix86+x86_64, r-patched-solaris-x86, r-release-windows-ix86+x86_64, r-release-osx-x86_64, r-oldrel-windows-ix86+x86_64, r-oldrel-osx-x86_64