Last updated on 2019-10-31 00:50:53 CET.
Flavor | Version | Tinstall | Tcheck | Ttotal | Status | Flags |
---|---|---|---|---|---|---|
r-devel-linux-x86_64-debian-clang | 1.0.4 | 57.31 | 27.11 | 84.42 | OK | |
r-devel-linux-x86_64-debian-gcc | 1.0.4 | 38.88 | 21.29 | 60.17 | OK | |
r-devel-linux-x86_64-fedora-clang | 1.0.4 | 121.17 | OK | |||
r-devel-linux-x86_64-fedora-gcc | 1.0.4 | 107.01 | OK | |||
r-devel-windows-ix86+x86_64 | 1.0.4 | 150.00 | 79.00 | 229.00 | OK | |
r-patched-linux-x86_64 | 1.0.4 | 44.13 | 26.30 | 70.43 | OK | |
r-patched-solaris-x86 | 1.0.4 | 106.90 | OK | |||
r-release-linux-x86_64 | 1.0.4 | 43.49 | 26.10 | 69.59 | OK | |
r-release-windows-ix86+x86_64 | 1.0.4 | 137.00 | 71.00 | 208.00 | OK | |
r-release-osx-x86_64 | 1.0.3 | ERROR | ||||
r-oldrel-windows-ix86+x86_64 | 1.0.4 | 105.00 | 85.00 | 190.00 | OK | |
r-oldrel-osx-x86_64 | 1.0.3 | ERROR |
Version: 1.0.3
Check: whether package can be installed
Result: ERROR
Installation failed.
Flavors: r-release-osx-x86_64, r-oldrel-osx-x86_64