CRAN Package Check Results for Package dplyrAssist

Last updated on 2019-10-31 00:50:53 CET.

Flavor Version Tinstall Tcheck Ttotal Status Flags
r-devel-linux-x86_64-debian-clang 0.1.0 4.35 38.17 42.52 OK
r-devel-linux-x86_64-debian-gcc 0.1.0 3.75 30.12 33.87 OK
r-devel-linux-x86_64-fedora-clang 0.1.0 52.28 NOTE
r-devel-linux-x86_64-fedora-gcc 0.1.0 51.69 NOTE
r-devel-windows-ix86+x86_64 0.1.0 21.00 86.00 107.00 OK
r-patched-linux-x86_64 0.1.0 4.64 36.81 41.45 OK
r-patched-solaris-x86 0.1.0 79.00 NOTE
r-release-linux-x86_64 0.1.0 4.06 36.87 40.93 OK
r-release-windows-ix86+x86_64 0.1.0 24.00 58.00 82.00 OK
r-release-osx-x86_64 0.1.0 NOTE
r-oldrel-windows-ix86+x86_64 0.1.0 6.00 91.00 97.00 OK
r-oldrel-osx-x86_64 0.1.0 NOTE

Check Details

Version: 0.1.0
Check: dependencies in R code
Result: NOTE
    Namespaces in Imports field not imported from:
     ‘tidyr’ ‘tidyverse’
     All declared Imports should be used.
Flavors: r-devel-linux-x86_64-fedora-clang, r-devel-linux-x86_64-fedora-gcc, r-patched-solaris-x86, r-release-osx-x86_64, r-oldrel-osx-x86_64