Last updated on 2019-10-31 00:50:53 CET.
Flavor | Version | Tinstall | Tcheck | Ttotal | Status | Flags |
---|---|---|---|---|---|---|
r-devel-linux-x86_64-debian-clang | 0.0.3 | 4.24 | 45.86 | 50.10 | OK | |
r-devel-linux-x86_64-debian-gcc | 0.0.3 | 3.30 | 36.82 | 40.12 | OK | |
r-devel-linux-x86_64-fedora-clang | 0.0.3 | 56.28 | OK | |||
r-devel-linux-x86_64-fedora-gcc | 0.0.3 | 53.18 | OK | |||
r-devel-windows-ix86+x86_64 | 0.0.3 | 18.00 | 73.00 | 91.00 | OK | |
r-patched-linux-x86_64 | 0.0.3 | 3.83 | 40.75 | 44.58 | OK | |
r-patched-solaris-x86 | 0.0.3 | 79.00 | OK | |||
r-release-linux-x86_64 | 0.0.3 | 3.76 | 41.57 | 45.33 | OK | |
r-release-windows-ix86+x86_64 | 0.0.3 | 16.00 | 55.00 | 71.00 | OK | |
r-release-osx-x86_64 | 0.0.3 | ERROR | ||||
r-oldrel-windows-ix86+x86_64 | 0.0.3 | 4.00 | 76.00 | 80.00 | OK | |
r-oldrel-osx-x86_64 | 0.0.3 | OK |
Version: 0.0.3
Check: tests
Result: ERROR
Running ‘testthat.R’ [1s/1s]
Running the tests in ‘tests/testthat.R’ failed.
Complete output:
> library(testthat)
> library(dtplyr)
Error: package or namespace load failed for 'dtplyr' in loadNamespace(j <- i[[1L]], c(lib.loc, .libPaths()), versionCheck = vI[[j]]):
there is no package called 'data.table'
Execution halted
Flavor: r-release-osx-x86_64