Last updated on 2019-10-31 00:50:53 CET.
Flavor | Version | Tinstall | Tcheck | Ttotal | Status | Flags |
---|---|---|---|---|---|---|
r-devel-linux-x86_64-debian-clang | 1.2.5 | 13.70 | 64.13 | 77.83 | OK | |
r-devel-linux-x86_64-debian-gcc | 1.2.5 | 10.57 | 48.08 | 58.65 | OK | |
r-devel-linux-x86_64-fedora-clang | 1.2.5 | 91.42 | NOTE | |||
r-devel-linux-x86_64-fedora-gcc | 1.2.5 | 90.97 | NOTE | |||
r-devel-windows-ix86+x86_64 | 1.2.5 | 24.00 | 92.00 | 116.00 | OK | |
r-patched-linux-x86_64 | 1.2.5 | 12.09 | 62.89 | 74.98 | OK | |
r-patched-solaris-x86 | 1.2.5 | 111.60 | NOTE | |||
r-release-linux-x86_64 | 1.2.5 | 15.39 | 62.81 | 78.20 | OK | |
r-release-windows-ix86+x86_64 | 1.2.5 | 24.00 | 87.00 | 111.00 | OK | |
r-release-osx-x86_64 | 1.2.5 | NOTE | ||||
r-oldrel-windows-ix86+x86_64 | 1.2.5 | 18.00 | 88.00 | 106.00 | OK | |
r-oldrel-osx-x86_64 | 1.2.5 | NOTE |
Version: 1.2.5
Check: data for non-ASCII characters
Result: NOTE
Note: found 8 marked UTF-8 strings
Flavors: r-devel-linux-x86_64-fedora-clang, r-devel-linux-x86_64-fedora-gcc, r-patched-solaris-x86, r-release-osx-x86_64, r-oldrel-osx-x86_64