CRAN Package Check Results for Package ecp

Last updated on 2019-10-31 00:50:53 CET.

Flavor Version Tinstall Tcheck Ttotal Status Flags
r-devel-linux-x86_64-debian-clang 3.1.1 39.36 39.63 78.99 OK
r-devel-linux-x86_64-debian-gcc 3.1.1 26.91 31.66 58.57 OK
r-devel-linux-x86_64-fedora-clang 3.1.1 104.59 WARN
r-devel-linux-x86_64-fedora-gcc 3.1.1 101.17 OK
r-devel-windows-ix86+x86_64 3.1.1 98.00 99.00 197.00 OK
r-patched-linux-x86_64 3.1.1 28.08 38.91 66.99 OK
r-patched-solaris-x86 3.1.1 110.70 OK
r-release-linux-x86_64 3.1.1 27.50 39.70 67.20 OK
r-release-windows-ix86+x86_64 3.1.1 95.00 71.00 166.00 OK
r-release-osx-x86_64 3.1.1 OK
r-oldrel-windows-ix86+x86_64 3.1.1 81.00 111.00 192.00 OK
r-oldrel-osx-x86_64 3.1.1 OK

Check Details

Version: 3.1.1
Check: whether package can be installed
Result: WARN
    Found the following significant warnings:
     efast.cpp:428:68: warning: 'bind2nd<std::__1::plus<int>, int>' is deprecated [-Wdeprecated-declarations]
     efast.cpp:804:68: warning: 'bind2nd<std::__1::plus<int>, int>' is deprecated [-Wdeprecated-declarations]
     efast.cpp:1243:68: warning: 'bind2nd<std::__1::plus<int>, int>' is deprecated [-Wdeprecated-declarations]
     efast.cpp:1597:68: warning: 'bind2nd<std::__1::plus<int>, int>' is deprecated [-Wdeprecated-declarations]
Flavor: r-devel-linux-x86_64-fedora-clang