Last updated on 2019-10-31 00:50:53 CET.
Flavor | Version | Tinstall | Tcheck | Ttotal | Status | Flags |
---|---|---|---|---|---|---|
r-devel-linux-x86_64-debian-clang | 0.1-9 | 8.41 | 33.84 | 42.25 | WARN | |
r-devel-linux-x86_64-debian-gcc | 0.1-9 | 6.61 | 26.39 | 33.00 | WARN | |
r-devel-linux-x86_64-fedora-clang | 0.1-9 | 51.30 | OK | |||
r-devel-linux-x86_64-fedora-gcc | 0.1-9 | 50.82 | WARN | |||
r-devel-windows-ix86+x86_64 | 0.1-9 | 25.00 | 73.00 | 98.00 | OK | |
r-patched-linux-x86_64 | 0.1-9 | 6.34 | 33.15 | 39.49 | OK | |
r-patched-solaris-x86 | 0.1-9 | 69.70 | OK | |||
r-release-linux-x86_64 | 0.1-9 | 6.95 | 32.97 | 39.92 | OK | |
r-release-windows-ix86+x86_64 | 0.1-9 | 22.00 | 53.00 | 75.00 | OK | |
r-release-osx-x86_64 | 0.1-9 | OK | ||||
r-oldrel-windows-ix86+x86_64 | 0.1-9 | 14.00 | 81.00 | 95.00 | OK | |
r-oldrel-osx-x86_64 | 0.1-9 | OK |
Version: 0.1-9
Check: whether package can be installed
Result: WARN
Found the following significant warnings:
eiutil.c:132:5: warning: ignoring return value of function declared with 'warn_unused_result' attribute [-Wunused-result]
Flavor: r-devel-linux-x86_64-debian-clang
Version: 0.1-9
Check: whether package can be installed
Result: WARN
Found the following significant warnings:
eiutil.c:132:5: warning: ignoring return value of ‘system’, declared with attribute warn_unused_result [-Wunused-result]
Flavors: r-devel-linux-x86_64-debian-gcc, r-devel-linux-x86_64-fedora-gcc