CRAN Package Check Results for Package entropart

Last updated on 2019-10-31 00:50:54 CET.

Flavor Version Tinstall Tcheck Ttotal Status Flags
r-devel-linux-x86_64-debian-clang 1.6-1 11.06 145.63 156.69 OK
r-devel-linux-x86_64-debian-gcc 1.6-1 8.92 123.17 132.09 OK
r-devel-linux-x86_64-fedora-clang 1.6-1 208.62 NOTE
r-devel-linux-x86_64-fedora-gcc 1.6-1 207.70 NOTE
r-devel-windows-ix86+x86_64 1.6-1 27.00 221.00 248.00 OK
r-patched-linux-x86_64 1.6-1 9.84 160.76 170.60 OK
r-patched-solaris-x86 1.6-1 269.90 NOTE
r-release-linux-x86_64 1.6-1 10.04 159.97 170.01 OK
r-release-windows-ix86+x86_64 1.6-1 28.00 156.00 184.00 OK
r-release-osx-x86_64 1.6-1 NOTE
r-oldrel-windows-ix86+x86_64 1.6-1 18.00 210.00 228.00 OK
r-oldrel-osx-x86_64 1.6-1 NOTE

Check Details

Version: 1.6-1
Check: dependencies in R code
Result: NOTE
    Namespace in Imports field not imported from: ‘ade4’
     All declared Imports should be used.
Flavors: r-devel-linux-x86_64-fedora-clang, r-devel-linux-x86_64-fedora-gcc, r-patched-solaris-x86, r-release-osx-x86_64, r-oldrel-osx-x86_64