Last updated on 2019-10-31 00:50:54 CET.
Flavor | Version | Tinstall | Tcheck | Ttotal | Status | Flags |
---|---|---|---|---|---|---|
r-devel-linux-x86_64-debian-clang | 0.5.7 | 5.07 | 62.33 | 67.40 | OK | |
r-devel-linux-x86_64-debian-gcc | 0.5.7 | 4.88 | 48.41 | 53.29 | OK | |
r-devel-linux-x86_64-fedora-clang | 0.5.7 | 81.50 | NOTE | |||
r-devel-linux-x86_64-fedora-gcc | 0.5.7 | 78.43 | NOTE | |||
r-devel-windows-ix86+x86_64 | 0.5.7 | 17.00 | 162.00 | 179.00 | OK | |
r-patched-linux-x86_64 | 0.5.7 | 5.80 | 63.15 | 68.95 | OK | |
r-release-linux-x86_64 | 0.5.7 | 5.94 | 63.42 | 69.36 | OK | |
r-release-windows-ix86+x86_64 | 0.5.7 | 13.00 | 122.00 | 135.00 | OK | |
r-release-osx-x86_64 | 0.5.7 | NOTE | ||||
r-oldrel-windows-ix86+x86_64 | 0.5.7 | 7.00 | 142.00 | 149.00 | OK | |
r-oldrel-osx-x86_64 | 0.5.7 | NOTE |
Version: 0.5.7
Check: package dependencies
Result: NOTE
Packages suggested but not available for checking: 'xcms', 'MSnbase'
Flavors: r-devel-linux-x86_64-fedora-clang, r-devel-linux-x86_64-fedora-gcc
Version: 0.5.7
Check: dependencies in R code
Result: NOTE
Namespaces in Imports field not imported from:
‘DT’ ‘broom’ ‘crosstalk’ ‘dplyr’ ‘ggraph’ ‘igraph’ ‘plotly’
‘rmarkdown’ ‘shinythemes’
All declared Imports should be used.
Flavors: r-devel-linux-x86_64-fedora-clang, r-devel-linux-x86_64-fedora-gcc, r-release-osx-x86_64, r-oldrel-osx-x86_64
Version: 0.5.7
Check: package dependencies
Result: NOTE
Packages suggested but not available for checking: ‘xcms’ ‘MSnbase’
Flavor: r-oldrel-osx-x86_64