CRAN Package Check Results for Package etl

Last updated on 2019-10-31 00:50:54 CET.

Flavor Version Tinstall Tcheck Ttotal Status Flags
r-devel-linux-x86_64-debian-clang 0.3.7 6.51 71.39 77.90 NOTE
r-devel-linux-x86_64-debian-gcc 0.3.7 5.36 54.24 59.60 NOTE
r-devel-linux-x86_64-fedora-clang 0.3.7 92.12 NOTE
r-devel-linux-x86_64-fedora-gcc 0.3.7 90.39 NOTE
r-devel-windows-ix86+x86_64 0.3.7 19.00 118.00 137.00 OK
r-patched-linux-x86_64 0.3.7 4.75 66.34 71.09 NOTE
r-patched-solaris-x86 0.3.7 112.60 NOTE
r-release-linux-x86_64 0.3.7 5.86 66.14 72.00 NOTE
r-release-windows-ix86+x86_64 0.3.7 21.00 85.00 106.00 OK
r-release-osx-x86_64 0.3.7 OK
r-oldrel-windows-ix86+x86_64 0.3.7 6.00 119.00 125.00 OK
r-oldrel-osx-x86_64 0.3.7 OK

Check Details

Version: 0.3.7
Check: package dependencies
Result: NOTE
    Package suggested but not available for checking: 'MonetDBLite'
Flavors: r-devel-linux-x86_64-debian-clang, r-devel-linux-x86_64-debian-gcc, r-devel-linux-x86_64-fedora-clang, r-devel-linux-x86_64-fedora-gcc, r-patched-linux-x86_64, r-patched-solaris-x86, r-release-linux-x86_64