CRAN Package Check Results for Package exactextractr

Last updated on 2019-10-31 00:50:54 CET.

Flavor Version Tinstall Tcheck Ttotal Status Flags
r-devel-linux-x86_64-debian-clang 0.1.1 43.07 79.60 122.67 OK
r-devel-linux-x86_64-debian-gcc 0.1.1 30.70 62.79 93.49 OK
r-devel-linux-x86_64-fedora-clang 0.1.1 170.22 NOTE
r-devel-linux-x86_64-fedora-gcc 0.1.1 153.53 NOTE
r-devel-windows-ix86+x86_64 0.1.1 154.00 185.00 339.00 OK
r-patched-linux-x86_64 0.1.1 37.42 76.55 113.97 OK
r-patched-solaris-x86 0.1.1 185.30 NOTE
r-release-linux-x86_64 0.1.1 34.02 76.20 110.22 OK
r-release-windows-ix86+x86_64 0.1.1 158.00 127.00 285.00 OK
r-release-osx-x86_64 0.1.1 NOTE
r-oldrel-windows-ix86+x86_64 0.1.1 105.00 182.00 287.00 OK
r-oldrel-osx-x86_64 0.1.1 NOTE

Check Details

Version: 0.1.1
Check: dependencies in R code
Result: NOTE
    Namespaces in Imports field not imported from:
     ‘Rcpp’ ‘methods’
     All declared Imports should be used.
Flavors: r-devel-linux-x86_64-fedora-clang, r-devel-linux-x86_64-fedora-gcc, r-patched-solaris-x86, r-release-osx-x86_64, r-oldrel-osx-x86_64

Version: 0.1.1
Check: installed package size
Result: NOTE
     installed size is 22.9Mb
     sub-directories of 1Mb or more:
     libs 22.8Mb
Flavors: r-release-osx-x86_64, r-oldrel-osx-x86_64