Last updated on 2019-10-31 00:50:54 CET.
Flavor | Version | Tinstall | Tcheck | Ttotal | Status | Flags |
---|---|---|---|---|---|---|
r-devel-linux-x86_64-debian-clang | 1.1.1 | 3.25 | 24.86 | 28.11 | NOTE | |
r-devel-linux-x86_64-debian-gcc | 1.1.1 | 2.27 | 19.65 | 21.92 | NOTE | |
r-devel-linux-x86_64-fedora-clang | 1.1.1 | 33.10 | NOTE | |||
r-devel-linux-x86_64-fedora-gcc | 1.1.1 | 33.37 | NOTE | |||
r-devel-windows-ix86+x86_64 | 1.1.1 | 9.00 | 53.00 | 62.00 | NOTE | |
r-patched-linux-x86_64 | 1.1.1 | 2.50 | 24.49 | 26.99 | NOTE | |
r-patched-solaris-x86 | 1.1.1 | 52.00 | NOTE | |||
r-release-linux-x86_64 | 1.1.1 | 2.68 | 23.92 | 26.60 | NOTE | |
r-release-windows-ix86+x86_64 | 1.1.1 | 8.00 | 35.00 | 43.00 | NOTE | |
r-release-osx-x86_64 | 1.1.1 | NOTE | ||||
r-oldrel-windows-ix86+x86_64 | 1.1.1 | 4.00 | 51.00 | 55.00 | NOTE | |
r-oldrel-osx-x86_64 | 1.1.1 | NOTE |
Version: 1.1.1
Check: R code for possible problems
Result: NOTE
index.citations: no visible global function definition for
'txtProgressBar'
read.exsic: no visible global function definition for 'read.csv'
update.pb: no visible global function definition for
'setTxtProgressBar'
Undefined global functions or variables:
read.csv setTxtProgressBar txtProgressBar
Consider adding
importFrom("utils", "read.csv", "setTxtProgressBar", "txtProgressBar")
to your NAMESPACE file.
Flavors: r-devel-linux-x86_64-debian-clang, r-devel-linux-x86_64-debian-gcc, r-devel-linux-x86_64-fedora-clang, r-devel-linux-x86_64-fedora-gcc, r-devel-windows-ix86+x86_64, r-patched-linux-x86_64, r-patched-solaris-x86, r-release-linux-x86_64, r-release-windows-ix86+x86_64, r-release-osx-x86_64, r-oldrel-windows-ix86+x86_64, r-oldrel-osx-x86_64