Last updated on 2019-10-31 00:50:54 CET.
Flavor | Version | Tinstall | Tcheck | Ttotal | Status | Flags |
---|---|---|---|---|---|---|
r-devel-linux-x86_64-debian-clang | 2.2.4 | 37.38 | 102.45 | 139.83 | NOTE | |
r-devel-linux-x86_64-debian-gcc | 2.2.4 | 29.63 | 75.61 | 105.24 | NOTE | |
r-devel-linux-x86_64-fedora-clang | 2.2.4 | 178.58 | NOTE | |||
r-devel-linux-x86_64-fedora-gcc | 2.2.4 | 170.88 | NOTE | |||
r-devel-windows-ix86+x86_64 | 2.2.4 | 116.00 | 221.00 | 337.00 | NOTE | |
r-patched-linux-x86_64 | 2.2.4 | 34.75 | 96.08 | 130.83 | NOTE | |
r-patched-solaris-x86 | 2.2.4 | 201.90 | NOTE | |||
r-release-linux-x86_64 | 2.2.4 | 30.24 | 94.29 | 124.53 | NOTE | |
r-release-windows-ix86+x86_64 | 2.2.4 | 96.00 | 149.00 | 245.00 | NOTE | |
r-release-osx-x86_64 | 2.2.4 | NOTE | ||||
r-oldrel-windows-ix86+x86_64 | 2.2.4 | 56.00 | 196.00 | 252.00 | OK | |
r-oldrel-osx-x86_64 | 2.2.4 | OK |
Version: 2.2.4
Check: line endings in C/C++/Fortran sources/headers
Result: NOTE
Found the following sources/headers with CR or CRLF line endings:
inst/include/fDMA.h
Some Unix compilers require LF line endings.
Flavors: r-devel-linux-x86_64-debian-clang, r-devel-linux-x86_64-debian-gcc, r-devel-linux-x86_64-fedora-clang, r-devel-linux-x86_64-fedora-gcc, r-devel-windows-ix86+x86_64, r-patched-linux-x86_64, r-patched-solaris-x86, r-release-linux-x86_64, r-release-windows-ix86+x86_64, r-release-osx-x86_64