CRAN Package Check Results for Package fdm2id

Last updated on 2019-10-31 00:50:54 CET.

Flavor Version Tinstall Tcheck Ttotal Status Flags
r-devel-linux-x86_64-debian-clang 0.9.0 12.94 149.38 162.32 OK
r-devel-linux-x86_64-debian-gcc 0.9.0 11.18 114.52 125.70 OK
r-devel-linux-x86_64-fedora-clang 0.9.0 220.69 NOTE
r-devel-linux-x86_64-fedora-gcc 0.9.0 192.19 NOTE
r-devel-windows-ix86+x86_64 0.9.0 54.00 244.00 298.00 OK
r-patched-linux-x86_64 0.9.0 12.90 142.52 155.42 OK
r-patched-solaris-x86 0.9.0 277.50 NOTE
r-release-linux-x86_64 0.9.0 13.60 143.44 157.04 OK
r-release-windows-ix86+x86_64 0.9.0 41.00 181.00 222.00 OK
r-release-osx-x86_64 0.9.0 NOTE
r-oldrel-windows-ix86+x86_64 0.9.0 31.00 202.00 233.00 OK
r-oldrel-osx-x86_64 0.9.0 NOTE

Check Details

Version: 0.9.0
Check: data for non-ASCII characters
Result: NOTE
     Note: found 3 marked Latin-1 strings
     Note: found 3 marked UTF-8 strings
Flavors: r-devel-linux-x86_64-fedora-clang, r-devel-linux-x86_64-fedora-gcc, r-patched-solaris-x86, r-release-osx-x86_64, r-oldrel-osx-x86_64