Last updated on 2019-10-31 00:50:54 CET.
Flavor | Version | Tinstall | Tcheck | Ttotal | Status | Flags |
---|---|---|---|---|---|---|
r-devel-linux-x86_64-debian-clang | 1.0-3 | 3.03 | 28.87 | 31.90 | OK | |
r-devel-linux-x86_64-debian-gcc | 1.0-3 | 2.51 | 22.41 | 24.92 | OK | |
r-devel-linux-x86_64-fedora-clang | 1.0-3 | 40.33 | NOTE | |||
r-devel-linux-x86_64-fedora-gcc | 1.0-3 | 38.45 | NOTE | |||
r-devel-windows-ix86+x86_64 | 1.0-3 | 8.00 | 59.00 | 67.00 | OK | |
r-patched-linux-x86_64 | 1.0-3 | 2.51 | 28.03 | 30.54 | OK | |
r-patched-solaris-x86 | 1.0-3 | 48.10 | OK | |||
r-release-linux-x86_64 | 1.0-3 | 2.38 | 27.95 | 30.33 | OK | |
r-release-windows-ix86+x86_64 | 1.0-3 | 7.00 | 56.00 | 63.00 | OK | |
r-release-osx-x86_64 | 1.0-3 | OK | ||||
r-oldrel-windows-ix86+x86_64 | 1.0-3 | 6.00 | 37.00 | 43.00 | OK | |
r-oldrel-osx-x86_64 | 1.0-3 | OK |
Version: 1.0-3
Check: compiled code
Result: NOTE
File ‘fechner/libs/fechner.so’:
Found no calls to: ‘R_registerRoutines’, ‘R_useDynamicSymbols’
It is good practice to register native routines and to disable symbol
search.
See ‘Writing portable packages’ in the ‘Writing R Extensions’ manual.
Flavors: r-devel-linux-x86_64-fedora-clang, r-devel-linux-x86_64-fedora-gcc