CRAN Package Check Results for Package fpp3

Last updated on 2019-10-31 00:50:55 CET.

Flavor Version Tinstall Tcheck Ttotal Status Flags
r-devel-linux-x86_64-debian-clang 0.1 7.20 49.52 56.72 OK
r-devel-linux-x86_64-debian-gcc 0.1 5.40 39.47 44.87 OK
r-devel-linux-x86_64-fedora-clang 0.1 67.64 NOTE
r-devel-linux-x86_64-fedora-gcc 0.1 66.71 NOTE
r-devel-windows-ix86+x86_64 0.1 24.00 85.00 109.00 OK
r-patched-linux-x86_64 0.1 6.70 47.73 54.43 OK
r-patched-solaris-x86 0.1 98.50 NOTE
r-release-linux-x86_64 0.1 6.72 47.79 54.51 OK
r-release-windows-ix86+x86_64 0.1 20.00 60.00 80.00 OK
r-release-osx-x86_64 0.1 NOTE
r-oldrel-windows-ix86+x86_64 0.1 10.00 85.00 95.00 OK
r-oldrel-osx-x86_64 0.1 NOTE

Check Details

Version: 0.1
Check: dependencies in R code
Result: NOTE
    Namespaces in Imports field not imported from:
     ‘dplyr’ ‘fable’ ‘fabletools’ ‘feasts’ ‘ggplot2’ ‘lubridate’ ‘tibble’
     ‘tidyr’ ‘tsibble’ ‘tsibbledata’
     All declared Imports should be used.
Flavors: r-devel-linux-x86_64-fedora-clang, r-devel-linux-x86_64-fedora-gcc, r-patched-solaris-x86, r-release-osx-x86_64, r-oldrel-osx-x86_64